{"id":2149,"date":"2022-11-26T19:41:13","date_gmt":"2022-11-26T11:41:13","guid":{"rendered":"http:\/\/47.93.52.196\/index.php\/%e9%bb%84%e9%87%91\/"},"modified":"2025-04-21T08:19:13","modified_gmt":"2025-04-21T00:19:13","slug":"preferred","status":"publish","type":"page","link":"https:\/\/ex-pro.love\/index.php\/preferred\/?lang=vi","title":{"rendered":"preferred"},"content":{"rendered":"<div class=\"brz-root__container brz-reset-all\">\n<section data-uid=\"gmgbagicakvkliwfawuvghwovnhfntzzuzmt\" id=\"gmgbagicakvkliwfawuvghwovnhfntzzuzmt\" class=\"brz-section brz-css-czkyh\">\n<div class=\"brz-section__content brz-section--boxed brz-css-klhye brz-css-notao\" data-custom-id=\"zyzvgxdgdroehomzjaeovuzoxewxvydeektk\">\n<div class=\"brz-bg\">\n<div class=\"brz-bg-image\"><\/div>\n<\/div>\n<div class=\"brz-container brz-css-survf\">\n<div class=\"brz-css-nioum brz-wrapper\">\n<div class=\"brz-rich-text brz-rich-text__custom brz-css-ulayc\" data-custom-id=\"trxkgrzzqhaavzobrrcqfxattzvpkbfpjljn\">\n<div>\n<h2 class=\"brz-css-oytvd\" data-generated-css=\"brz-css-zdcep\" data-uniq-id=\"sshkx\"><span> Ch\u00e0o m\u1eebng qu\u00fd kh\u00e1ch \u0111\u1ebfn v\u1edbi Ch\u01b0\u01a1ng tr\u00ecnh<\/span><\/h2>\n<\/div>\n<\/div>\n<\/div>\n<div class=\"brz-css-nioum brz-wrapper\">\n<div class=\"brz-rich-text brz-rich-text__custom brz-css-ulayc\" data-custom-id=\"iucwnksdrpgwwncqtxhxuavqavwptzumaoya\">\n<div>\n<h1 class=\"brz-css-lrifh\" data-generated-css=\"brz-css-vvxyn\" data-uniq-id=\"yorev\"><span>Exness \u5c0a\u4eab\u4f1a\u5458<\/span><\/h1>\n<h1 class=\"brz-css-vqklh\" data-generated-css=\"brz-css-vvxyn\" data-uniq-id=\"yorev\"><span> <\/span><\/h1>\n<h1 class=\"brz-css-auifu\" data-generated-css=\"brz-css-vvxyn\" data-uniq-id=\"yorev\"><span> <\/span><\/h1>\n<h1 class=\"brz-css-htrjy\" data-generated-css=\"brz-css-vvxyn\" data-uniq-id=\"yorev\"><span> <\/span><\/h1>\n<h1 class=\"brz-css-iqdhe\" data-generated-css=\"brz-css-vvxyn\" data-uniq-id=\"yorev\"><span> <\/span><\/h1>\n<h1 class=\"brz-css-usgzj\" data-generated-css=\"brz-css-rprsu\" data-uniq-id=\"teqew\"><span> <\/span><\/h1>\n<\/div>\n<\/div>\n<\/div>\n<div class=\"brz-css-nioum brz-css-xjhlz brz-wrapper\">\n<div class=\"brz-spacer brz-css-uzaud brz-css-keyct\"><\/div>\n<\/div>\n<div class=\"brz-css-nioum brz-css-xjhlz brz-wrapper\">\n<div class=\"brz-spacer brz-css-uzaud brz-css-qmmms\"><\/div>\n<\/div>\n<\/div>\n<\/div>\n<\/section>\n<section data-uid=\"jwndxbehiecheaovbalxdjpmjomhcvtrqfbl\" id=\"jwndxbehiecheaovbalxdjpmjomhcvtrqfbl\" class=\"brz-section brz-css-czkyh\">\n<div class=\"brz-section__content brz-section--boxed brz-css-klhye brz-css-algbh\" data-custom-id=\"vchvgjkshcvxcchgwqnnffgytebfrlpzztei\">\n<div class=\"brz-bg\">\n<div class=\"brz-bg-color\"><\/div>\n<\/div>\n<div class=\"brz-container brz-css-survf\">\n<div class=\"brz-css-nioum brz-wrapper\">\n<div class=\"brz-rich-text brz-rich-text__custom brz-css-ulayc\" data-custom-id=\"cjilzlznootwuqnowplyrfpatwllzaropnqj\">\n<div>\n<h3 class=\"brz-css-lrrfo\" data-generated-css=\"brz-css-ambhn\" data-uniq-id=\"ncqek\"><span>Preferred l\u00e0 c\u1ea5p b\u1eadc \u0111\u1ea7u ti\u00ean trong h\u00e0nh tr\u00ecnh chinh ph\u1ee5c Ch\u01b0\u01a1ng tr\u00ecnh Premier \u0111\u1ec3 t\u1eadn h\u01b0\u1edfng c\u00e1c \u01b0u \u0111\u00e3i v\u00e0 \u0111\u1eb7c quy\u1ec1n.<\/span><\/h3>\n<h2 class=\"brz-css-bubzf\" data-generated-css=\"brz-css-mrvwa\" data-uniq-id=\"cthmb\"><span>PREMIER PREFERRED<\/span><\/h2>\n<p class=\"brz-css-cjoat\" data-generated-css=\"brz-css-yunjr\" data-uniq-id=\"sapkt\"><span>L\u00e0 th\u00e0nh vi\u00ean c\u00f3 c\u1ea5p b\u1eadc Preferred trong Ch\u01b0\u01a1ng tr\u00ecnh Premier, qu\u00fd kh\u00e1ch s\u1ebd \u0111\u01b0\u1ee3c t\u1eadn h\u01b0\u1edfng d\u1ecbch v\u1ee5 h\u1ed7 tr\u1ee3 kh\u00e1ch h\u00e0ng \u01b0u ti\u00ean, nh\u1eadn t\u00e0i li\u1ec7u h\u01b0\u1edbng d\u1eabn \u0111\u1ed9c quy\u1ec1n, s\u1eed d\u1ee5ng t\u00ednh n\u0103ng ph\u00e2n t\u00edch giao d\u1ecbch n\u00e2ng cao, c\u0169ng nh\u01b0 nh\u1eadn c\u00e1c ch\u01b0\u01a1ng tr\u00ecnh khuy\u1ebfn m\u00e3i v\u00e0 ph\u1ea7n th\u01b0\u1edfng \u0111\u1eb7c bi\u1ec7t.<\/span><\/p>\n<p class=\"brz-css-hdxru\" data-generated-css=\"brz-css-ivnzj\" data-uniq-id=\"kuiji\"><\/p>\n<\/div>\n<\/div>\n<\/div>\n<\/div>\n<\/div>\n<\/section>\n<section data-uid=\"vwbuffcdpltboewntjhcmquhqgfmugwqrlik\" id=\"vwbuffcdpltboewntjhcmquhqgfmugwqrlik\" class=\"brz-section brz-css-czkyh\">\n<div class=\"brz-section__content brz-section--boxed brz-css-klhye brz-css-zqpsn\" data-custom-id=\"ompbotrvlpdkwgjnmckkkyggjssdoykrzsde\">\n<div class=\"brz-bg\">\n<div class=\"brz-bg-color\"><\/div>\n<\/div>\n<div class=\"brz-container brz-css-survf\">\n<div class=\"brz-row__container brz-css-uzrrr\" data-custom-id=\"tqtmfwyyuuzxddbplqsjqonsrabgsiqmeghb\">\n<div class=\"brz-bg\"><\/div>\n<div class=\"brz-row brz-css-ptkbt brz-css-jlzjk\">\n<div class=\"brz-columns brz-css-etabd brz-css-trcyd\" data-custom-id=\"fuolwuwmsjdsdlbddmvcrnyakytowcnwonix\">\n<div class=\"brz-bg\"><\/div>\n<div class=\"brz-column__items brz-css-tdoqs brz-css-hsxxm\">\n<div class=\"brz-css-nioum brz-css-mjilf brz-wrapper\">\n<div class=\"brz-rich-text brz-rich-text__custom brz-css-ulayc\" data-custom-id=\"brijhyhzuktrqojmfpubdpysepqxboxwikkv\">\n<div>\n<h2 class=\"brz-css-haryy\" data-generated-css=\"brz-css-suaew\" data-uniq-id=\"bveqp\"><span>D\u1ecaCH V\u1ee4 H\u1ed6 TR\u1ee2 KH\u00c1CH H\u00c0NG \u01afU TI\u00caN<\/span><\/h2>\n<\/div>\n<\/div>\n<\/div>\n<div class=\"brz-css-nioum brz-css-ixsii brz-wrapper\">\n<div class=\"brz-rich-text brz-rich-text__custom brz-css-ulayc\" data-custom-id=\"khyjktbrvkqinkuwwkasoqkielwdearzxpkh\">\n<div>\n<p class=\"brz-css-frqks\" data-generated-css=\"brz-css-yzsyt\" data-uniq-id=\"zwgdi\"><span class=\"brz-cp-color8\">T\u1ea5t c\u1ea3 y\u00eau c\u1ea7u c\u1ee7a qu\u00fd kh\u00e1ch s\u1ebd \u0111\u01b0\u1ee3c \u01b0u ti\u00ean v\u00e0 \u0111\u01b0\u1ee3c g\u1eedi \u0111\u1ebfn nh\u1eefng th\u00e0nh vi\u00ean c\u1ea5p cao trong \u0111\u1ed9i ng\u0169 h\u1ed7 tr\u1ee3 kh\u00e1ch h\u00e0ng v\u00e0 h\u1ecd s\u1ebd nhanh ch\u00f3ng gi\u1ea3i quy\u1ebft c\u00e1c v\u1ea5n \u0111\u1ec1 c\u1ee7a qu\u00fd kh\u00e1ch.<\/span><\/p>\n<\/div>\n<\/div>\n<\/div>\n<\/div>\n<\/div>\n<div class=\"brz-columns brz-css-etabd brz-css-ugndn\" data-custom-id=\"hpwobygfzhyedjuoaqbhoavmltbacqxaeoum\">\n<div class=\"brz-bg\"><\/div>\n<div class=\"brz-column__items brz-css-tdoqs\">\n<div class=\"brz-css-nioum brz-wrapper\">\n<div class=\"brz-image brz-css-eqseo brz-css-sxjqv\"><img decoding=\"async\" class=\"brz-img\" src=\"https:\/\/ex-pro.love\/?lang=vi&amp;brizy_media=wp-99542fe59995cf0488f9ebfd949599e7.jpg&amp;brizy_crop=iW%3D555%26iH%3D370%26oX%3D0%26oY%3D0%26cW%3D555%26cH%3D370\" alt=\"\" loading=\"lazy\" \/><\/div>\n<\/div>\n<\/div>\n<\/div>\n<\/div>\n<\/div>\n<\/div>\n<\/div>\n<\/section>\n<section data-uid=\"ebuxegfiolgffloyttrneqbpztbzrdecybyj\" id=\"ebuxegfiolgffloyttrneqbpztbzrdecybyj\" class=\"brz-section brz-css-czkyh\">\n<div class=\"brz-section__content brz-section--boxed brz-css-klhye brz-css-rgcbe\" data-custom-id=\"sihherdrxsbtgolqfzeiywkvzqlnekrmrlbb\">\n<div class=\"brz-bg\">\n<div class=\"brz-bg-color\"><\/div>\n<\/div>\n<div class=\"brz-container brz-css-survf\">\n<div class=\"brz-row__container brz-css-uzrrr brz-css-fhsmq\" data-custom-id=\"ikbiaoomfpipahumplrswkyyaculdkcwnrwo\">\n<div class=\"brz-bg\"><\/div>\n<div class=\"brz-row brz-css-ptkbt brz-css-jlzjk\">\n<div class=\"brz-columns brz-css-etabd brz-css-elxeh\" data-custom-id=\"dofguxbckpambkzgnpifwedloposwnlzqkqt\">\n<div class=\"brz-bg\"><\/div>\n<div class=\"brz-column__items brz-css-tdoqs\">\n<div class=\"brz-css-nioum brz-wrapper\">\n<div class=\"brz-image brz-css-ztsse brz-css-pmgof\"><img decoding=\"async\" class=\"brz-img\" src=\"https:\/\/ex-pro.love\/?lang=vi&amp;brizy_media=wp-205cb326da73e434e453b7efb07cf13d.jpg&amp;brizy_crop=iW%3D555%26iH%3D370%26oX%3D0%26oY%3D0%26cW%3D555%26cH%3D370\" alt=\"\" loading=\"lazy\" \/><\/div>\n<\/div>\n<\/div>\n<\/div>\n<div class=\"brz-columns brz-css-etabd brz-css-rtmms\" data-custom-id=\"furboaudwsiaohnnmzlzfkyrpgthnrbtbzpg\">\n<div class=\"brz-bg\"><\/div>\n<div class=\"brz-column__items brz-css-tdoqs brz-css-rcyos\">\n<div class=\"brz-css-nioum brz-css-jhcee brz-wrapper\">\n<div class=\"brz-rich-text brz-rich-text__custom brz-css-ulayc\" data-custom-id=\"rkbewleffxyyrxkamtuxexpvjhkixmtiayzp\">\n<div>\n<h2 class=\"brz-css-rtsnm\" data-uniq-id=\"wukrr\" data-generated-css=\"brz-css-dvzgk\"><span>T\u00c0I LI\u1ec6U H\u01af\u1edaNG D\u1eaaN \u0110\u1ed8C QUY\u1ec0N<\/span><\/h2>\n<\/div>\n<\/div>\n<\/div>\n<div class=\"brz-css-nioum brz-css-yugdm brz-wrapper\">\n<div class=\"brz-rich-text brz-rich-text__custom brz-css-ulayc\" data-custom-id=\"lfdhhovzxlwewqlknxuovlhavjnlrjtyfqgb\">\n<div>\n<p class=\"brz-css-jbjdq\" data-uniq-id=\"zzboi\" data-generated-css=\"brz-css-kfiqr\"><span>Qu\u00fd kh\u00e1ch s\u1ebd c\u00f3 c\u01a1 h\u1ed9i tham gia c\u00e1c bu\u1ed5i h\u1ed9i th\u1ea3o tr\u1ef1c tuy\u1ebfn v\u00e0 h\u1ed9i ngh\u1ecb chuy\u00ean \u0111\u1ec1 d\u00e0nh ri\u00eang cho kh\u00e1ch h\u00e0ng Premier v\u1edbi nhi\u1ec1u ch\u1ee7 \u0111\u1ec1 \u0111a d\u1ea1ng v\u1ec1 giao d\u1ecbch, c\u0169ng nh\u01b0 quy\u1ec1n ti\u1ebfp c\u1eadn v\u00e0o t\u00e0i li\u1ec7u h\u01b0\u1edbng d\u1eabn do ch\u00fang t\u00f4i so\u1ea1n ri\u00eang cho kh\u00e1ch h\u00e0ng Premier.<\/span><\/p>\n<\/div>\n<\/div>\n<\/div>\n<\/div>\n<\/div>\n<\/div>\n<\/div>\n<\/div>\n<\/div>\n<\/section>\n<section data-uid=\"ndilhxhpfhsdupequhjfdzuzqmxxozqxdevl\" id=\"ndilhxhpfhsdupequhjfdzuzqmxxozqxdevl\" class=\"brz-section brz-css-czkyh\">\n<div class=\"brz-section__content brz-section--boxed brz-css-klhye brz-css-uptdh\" data-custom-id=\"qyowaczxbtzdtgsnoasvtavgfxdlqwqqwjeg\">\n<div class=\"brz-bg\">\n<div class=\"brz-bg-color\"><\/div>\n<\/div>\n<div class=\"brz-container brz-css-survf\">\n<div class=\"brz-row__container brz-css-uzrrr\" data-custom-id=\"qrxvdnhbatpcbruyhezffiaaqdcdlmvsennf\">\n<div class=\"brz-bg\"><\/div>\n<div class=\"brz-row brz-css-ptkbt brz-css-jlzjk\">\n<div class=\"brz-columns brz-css-etabd brz-css-vzuxr\" data-custom-id=\"xomvuqpxrqdryohcszxdnxoabkvvweapqecc\">\n<div class=\"brz-bg\"><\/div>\n<div class=\"brz-column__items brz-css-tdoqs brz-css-reqqs\">\n<div class=\"brz-css-nioum brz-css-wuitx brz-wrapper\">\n<div class=\"brz-rich-text brz-rich-text__custom brz-css-ulayc\" data-custom-id=\"vtltsrnrnvnvvbonpkjykcowzipyrmbnjzss\">\n<div>\n<h2 class=\"brz-css-tonbi\" data-uniq-id=\"uyjhl\" data-generated-css=\"brz-css-vsskh\"><span>T\u00cdNH N\u0102NG PH\u00c2N T\u00cdCH GIAO D\u1ecaCH N\u00c2NG CAO<\/span><\/h2>\n<\/div>\n<\/div>\n<\/div>\n<div class=\"brz-css-nioum brz-css-mccva brz-wrapper\">\n<div class=\"brz-rich-text brz-rich-text__custom brz-css-ulayc\" data-custom-id=\"biikjcpygitzbswaslhdojldoatklzwhgfyt\">\n<div>\n<p class=\"brz-css-nqdsa\" data-uniq-id=\"ozvki\" data-generated-css=\"brz-css-nhsuj\"><span>Qu\u00fd kh\u00e1ch c\u00f3 quy\u1ec1n s\u1eed d\u1ee5ng nhi\u1ec1u d\u1ecbch v\u1ee5 \u0111\u1ed9c quy\u1ec1n kh\u00e1c c\u1ee7a Trading Central, c\u0169ng nh\u01b0 \u0111\u01b0\u1ee3c nh\u1eadn mi\u1ec5n ph\u00ed nh\u1eefng t\u00e0i li\u1ec7u ph\u00e2n t\u00edch chuy\u00ean m\u00f4n v\u00e0 ph\u00e2n t\u00edch c\u01a1 b\u1ea3n c\u00f3 ch\u1ea5t l\u01b0\u1ee3ng nh\u1ea5t. Kh\u00f4ng ch\u1ec9 v\u1eady, qu\u00fd kh\u00e1ch s\u1ebd tr\u1edf th\u00e0nh m\u1ed9t trong nh\u1eefng ng\u01b0\u1eddi \u0111\u1ea7u ti\u00ean \u0111\u01b0\u1ee3c \u0111\u1ecdc t\u1ea5t c\u1ea3 b\u00e1o c\u00e1o qu\u00fd v\u00e0 tu\u1ea7n do ch\u00ednh \u0111\u1ed9i ng\u0169 chuy\u00ean gia giao d\u1ecbch c\u1ee7a Exness bi\u00ean so\u1ea1n.<\/span><\/p>\n<\/div>\n<\/div>\n<\/div>\n<\/div>\n<\/div>\n<div class=\"brz-columns brz-css-etabd brz-css-rxzbr\" data-custom-id=\"cgjdsqohesawguupglfstilwxewytstsvskq\">\n<div class=\"brz-bg\"><\/div>\n<div class=\"brz-column__items brz-css-tdoqs\">\n<div class=\"brz-css-nioum brz-wrapper\">\n<div class=\"brz-image brz-css-gxzfd brz-css-yaphn\"><img decoding=\"async\" class=\"brz-img\" src=\"https:\/\/ex-pro.love\/?lang=vi&amp;brizy_media=wp-ee9328abe3209c6c9e7e334fa57e99ee.jpg&amp;brizy_crop=iW%3D555%26iH%3D370%26oX%3D0%26oY%3D0%26cW%3D555%26cH%3D370\" alt=\"\" loading=\"lazy\" \/><\/div>\n<\/div>\n<\/div>\n<\/div>\n<\/div>\n<\/div>\n<\/div>\n<\/div>\n<\/section>\n<section data-uid=\"wleahfrjisygqpphrnmpcqojtcxeadhznpvc\" id=\"wleahfrjisygqpphrnmpcqojtcxeadhznpvc\" class=\"brz-section brz-css-czkyh\">\n<div class=\"brz-section__content brz-section--boxed brz-css-klhye brz-css-eoxqb\" data-custom-id=\"dxzralkuntsrblensaujoaosjaegyqkemwzb\">\n<div class=\"brz-bg\">\n<div class=\"brz-bg-color\"><\/div>\n<\/div>\n<div class=\"brz-container brz-css-survf\">\n<div class=\"brz-row__container brz-css-uzrrr brz-css-mvdaz\" data-custom-id=\"gvypmloeygaalnnfagrhmhusfelztnffgkxb\">\n<div class=\"brz-bg\"><\/div>\n<div class=\"brz-row brz-css-ptkbt brz-css-jlzjk\">\n<div class=\"brz-columns brz-css-etabd brz-css-spton\" data-custom-id=\"ssagttpldquuzlfxbpkvvduxbgynbntvrzzd\">\n<div class=\"brz-bg\"><\/div>\n<div class=\"brz-column__items brz-css-tdoqs\">\n<div class=\"brz-css-nioum brz-wrapper\">\n<div class=\"brz-image brz-css-kwcyh brz-css-ohewn\"><img decoding=\"async\" class=\"brz-img\" src=\"https:\/\/ex-pro.love\/?lang=vi&amp;brizy_media=wp-dea8c7f2b1881b1476663125899a69bc.jpg&amp;brizy_crop=iW%3D555%26iH%3D370%26oX%3D0%26oY%3D0%26cW%3D555%26cH%3D370\" alt=\"\" loading=\"lazy\" \/><\/div>\n<\/div>\n<\/div>\n<\/div>\n<div class=\"brz-columns brz-css-etabd brz-css-qqkys\" data-custom-id=\"ghbhqcnnfrsnncumsogqpcvrfhnlgpyxtefq\">\n<div class=\"brz-bg\"><\/div>\n<div class=\"brz-column__items brz-css-tdoqs brz-css-pqlhz\">\n<div class=\"brz-css-nioum brz-css-idirf brz-wrapper\">\n<div class=\"brz-rich-text brz-rich-text__custom brz-css-ulayc\" data-custom-id=\"pgvcjjhmvloopjeyoxcnyizydxjdgdzusifm\">\n<div>\n<h2 class=\"brz-css-fypbb\" data-uniq-id=\"jwlvu\" data-generated-css=\"brz-css-jixwm\"><span>CH\u01af\u01a0NG TR\u00ccNH KHUY\u1ebeN M\u00c3I &amp; PH\u1ea6N TH\u01af\u1edeNG \u0110\u1eb6C BI\u1ec6T<\/span><\/h2>\n<\/div>\n<\/div>\n<\/div>\n<div class=\"brz-css-nioum brz-css-kznrz brz-wrapper\">\n<div class=\"brz-rich-text brz-rich-text__custom brz-css-ulayc\" data-custom-id=\"xplpfwxrvnrpcqseimwdnjzkoufpqaeocbbk\">\n<div>\n<p class=\"brz-css-qcawo\" data-uniq-id=\"pcuwd\" data-generated-css=\"brz-css-jsjfa\"><span>Th\u00f4ng qua c\u00e1c ch\u01b0\u01a1ng tr\u00ecnh t\u1eb7ng th\u01b0\u1edfng v\u00e0 chi\u1ebfn d\u1ecbch khuy\u1ebfn m\u00e3i \u0111\u1ed9c quy\u1ec1n c\u1ee7a ch\u00fang t\u00f4i, qu\u00fd kh\u00e1ch c\u00f3 th\u1ec3 nh\u1eadn \u0111\u01b0\u1ee3c nh\u1eefng qu\u00e0 t\u1eb7ng v\u00e0 ph\u1ea7n th\u01b0\u1edfng ti\u1ec1n m\u1eb7t h\u1ea5p d\u1eabn.<\/span><\/p>\n<\/div>\n<\/div>\n<\/div>\n<\/div>\n<\/div>\n<\/div>\n<\/div>\n<\/div>\n<\/div>\n<\/section>\n<section data-uid=\"tmdwebxsntlayobasxhihpdzqypabddfnjun\" id=\"tmdwebxsntlayobasxhihpdzqypabddfnjun\" class=\"brz-section brz-css-czkyh\">\n<div class=\"brz-section__content brz-section--boxed brz-css-klhye brz-css-cwwxc\" data-custom-id=\"slpclcxyajayympwoqmazmttzxrmibygtysm\">\n<div class=\"brz-bg\">\n<div class=\"brz-bg-image\"><\/div>\n<\/div>\n<div class=\"brz-container brz-css-survf\">\n<div class=\"brz-css-nioum brz-wrapper\">\n<div class=\"brz-rich-text brz-rich-text__custom brz-css-ulayc\" data-custom-id=\"wlctaadgcemahqjztabqkexmrhqseqzpcqdg\">\n<div>\n<h2 class=\"brz-css-vupae\" data-generated-css=\"brz-css-qibhc\" data-uniq-id=\"pdqcn\"><span>L\u00c0M SAO \u0110\u1ec2 DUY TR\u00cc C\u1ea4P B\u1eacC N\u00c0Y?<\/span><\/h2>\n<p class=\"brz-css-ssnqw\" data-generated-css=\"brz-css-ahxlk\" data-uniq-id=\"ulmvf\"><span>Qu\u00fd kh\u00e1ch c\u1ea7n duy tr\u00ec kh\u1ed1i l\u01b0\u1ee3ng giao d\u1ecbch h\u00e0ng qu\u00fd l\u00e0 120 tri\u1ec7u USD.<\/span><\/p>\n<p class=\"brz-css-evoha\" data-generated-css=\"brz-css-frvoy\" data-uniq-id=\"elcro\"><\/p>\n<\/div>\n<\/div>\n<\/div>\n<\/div>\n<\/div>\n<\/section>\n<section data-uid=\"uiffislnrektrxgwacuccslglqujyhbgavqw\" id=\"uiffislnrektrxgwacuccslglqujyhbgavqw\" class=\"brz-section brz-css-czkyh\">\n<div class=\"brz-section__content brz-section--boxed brz-css-klhye brz-css-tdviy\" data-custom-id=\"azizkbrvhbfadgdpoosyckwaeakxvelynmdt\">\n<div class=\"brz-bg\">\n<div class=\"brz-bg-color\"><\/div>\n<\/div>\n<div class=\"brz-container brz-css-survf\">\n<div class=\"brz-css-nioum brz-wrapper\">\n<div class=\"brz-rich-text brz-rich-text__custom brz-css-ulayc\" data-custom-id=\"eqrkvzslgnybzfginimckadatijyqbpokaku\">\n<div>\n<h3 class=\"brz-css-lusew\" data-generated-css=\"brz-css-wvsfx\" data-uniq-id=\"dgemb\"><\/h3>\n<h2 class=\"brz-css-xeldz\" data-generated-css=\"brz-css-edvhv\" data-uniq-id=\"peynq\"><span>L\u00c0M SAO \u0110\u1ec2 N\u00c2NG C\u1ea4P B\u1eacC?<\/span><\/h2>\n<p class=\"brz-css-oqwjx\" data-generated-css=\"brz-css-cmyie\" data-uniq-id=\"rskxa\"><span>\u0110\u1ec3 l\u00ean \u0111\u01b0\u1ee3c c\u1ea5p b\u1eadc Elite c\u1ee7a Ch\u01b0\u01a1ng tr\u00ecnh Premier, t\u1ed5ng gi\u00e1 tr\u1ecb ti\u1ec1n n\u1ea1p c\u1ee7a qu\u00fd kh\u00e1ch trong su\u1ed1t th\u1eddi gian tham gia ph\u1ea3i \u0111\u1ea1t 100.000 USD v\u00e0 kh\u1ed1i l\u01b0\u1ee3ng giao d\u1ecbch h\u00e0ng qu\u00fd \u00edt nh\u1ea5t l\u00e0 200 tri\u1ec7u USD.<\/span><\/p>\n<p class=\"brz-css-wzrys\" data-generated-css=\"brz-css-vreux\" data-uniq-id=\"cfdwe\"><\/p>\n<\/div>\n<\/div>\n<\/div>\n<\/div>\n<\/div>\n<\/section>\n<section data-uid=\"bbvvpgfmfmewigfduzuichpzboqsioegkptf\" id=\"bbvvpgfmfmewigfduzuichpzboqsioegkptf\" class=\"brz-section brz-css-czkyh\">\n<div class=\"brz-section__content brz-section--fullWidth brz-css-klhye brz-css-asyyw\" data-custom-id=\"uvftuqrivxvcykgnydyzecalqpholevcviju\">\n<div class=\"brz-container brz-css-survf brz-css-wooqs\">\n<div class=\"brz-css-nioum brz-css-zbqao brz-wrapper\">\n<div class=\"brz-image brz-css-xolpw\"><img decoding=\"async\" class=\"brz-img\" src=\"https:\/\/ex-pro.love\/?lang=vi&amp;brizy_media=wp-72785e608b27416ce035d6d187bbb3c2.jpg&amp;brizy_crop=iW%3D1920%26iH%3D750%26oX%3D0%26oY%3D0%26cW%3D1920%26cH%3D750\" alt=\"\" loading=\"lazy\" \/><\/div>\n<\/div>\n<\/div>\n<\/div>\n<\/section>\n<\/div>\n<p><!-- version:1745194753 --><\/p>\n","protected":false},"excerpt":{"rendered":"<p>Ch\u00e0o m\u1eebng qu\u00fd kh\u00e1ch \u0111\u1ebfn v\u1edbi Ch\u01b0\u01a1ng tr\u00ecnh Exness \u5c0a\u4eab\u4f1a\u5458 Pr&hellip; <a class=\"more-link\" href=\"https:\/\/ex-pro.love\/index.php\/preferred\/?lang=vi\">\u7ee7\u7eed\u9605\u8bfb<span class=\"screen-reader-text\">preferred<\/span><\/a><\/p>\n","protected":false},"author":1,"featured_media":0,"parent":0,"menu_order":0,"comment_status":"closed","ping_status":"closed","template":"brizy-blank-template.php","meta":{"footnotes":""},"class_list":["post-2149","page","type-page","status-publish","hentry","entry"],"_links":{"self":[{"href":"https:\/\/ex-pro.love\/index.php\/wp-json\/wp\/v2\/pages\/2149","targetHints":{"allow":["GET"]}}],"collection":[{"href":"https:\/\/ex-pro.love\/index.php\/wp-json\/wp\/v2\/pages"}],"about":[{"href":"https:\/\/ex-pro.love\/index.php\/wp-json\/wp\/v2\/types\/page"}],"author":[{"embeddable":true,"href":"https:\/\/ex-pro.love\/index.php\/wp-json\/wp\/v2\/users\/1"}],"replies":[{"embeddable":true,"href":"https:\/\/ex-pro.love\/index.php\/wp-json\/wp\/v2\/comments?post=2149"}],"version-history":[{"count":4,"href":"https:\/\/ex-pro.love\/index.php\/wp-json\/wp\/v2\/pages\/2149\/revisions"}],"predecessor-version":[{"id":3348,"href":"https:\/\/ex-pro.love\/index.php\/wp-json\/wp\/v2\/pages\/2149\/revisions\/3348"}],"wp:attachment":[{"href":"https:\/\/ex-pro.love\/index.php\/wp-json\/wp\/v2\/media?parent=2149"}],"curies":[{"name":"wp","href":"https:\/\/api.w.org\/{rel}","templated":true}]}}