{"id":2093,"date":"2022-11-27T18:24:58","date_gmt":"2022-11-27T10:24:58","guid":{"rendered":"http:\/\/47.93.52.196\/index.php\/%e6%99%b6%e9%92%bb\/"},"modified":"2025-04-08T20:37:17","modified_gmt":"2025-04-08T12:37:17","slug":"signature","status":"publish","type":"page","link":"https:\/\/ex-pro.love\/index.php\/signature\/?lang=ko","title":{"rendered":"signature"},"content":{"rendered":"<div class=\"brz-root__container brz-reset-all\">\n<section data-uid=\"moeswtzosujklhdozgtqmopkwzafubqdqarv\" id=\"moeswtzosujklhdozgtqmopkwzafubqdqarv\" class=\"brz-section brz-css-kvxmq\">\n<div class=\"brz-section__content brz-section--boxed brz-css-dqdgz brz-css-wrrve\" data-custom-id=\"pnbbjrnrthddqiihwoqsuhpcmgnqkjkijxtl\">\n<div class=\"brz-bg\">\n<div class=\"brz-bg-image\"><\/div>\n<div class=\"brz-bg-color\"><\/div>\n<\/div>\n<div class=\"brz-container brz-css-nevqe\">\n<div class=\"brz-css-gzupy brz-wrapper\">\n<div class=\"brz-rich-text brz-rich-text__custom brz-css-onytz\" data-custom-id=\"ssaakctgqjhnqlscowjvgksoowodbpznlych\">\n<div>\n<h2 class=\"brz-css-kmpyt\" data-generated-css=\"brz-css-aofxz\" data-uniq-id=\"mrchb\"><span>\ud658\uc601\ud569\ub2c8\ub2e4<\/span><\/h2>\n<\/div>\n<\/div>\n<\/div>\n<div class=\"brz-css-gzupy brz-wrapper\">\n<div class=\"brz-rich-text brz-rich-text__custom brz-css-onytz\" data-custom-id=\"qakvdkikohurmegudlwhlbhkjpzyejvuxekk\">\n<div>\n<h1 class=\"brz-css-jrjcc\" data-generated-css=\"brz-css-bseer\" data-uniq-id=\"gyboe\"><span>EXNESS \ud504\ub9ac\ubbf8\uc5b4<\/span><\/h1>\n<h1 class=\"brz-css-sueei\" data-generated-css=\"brz-css-mnayw\" data-uniq-id=\"qtesk\"><span> <\/span><\/h1>\n<h1 class=\"brz-css-hudsx\" data-generated-css=\"brz-css-fjfis\" data-uniq-id=\"qdkcx\"><span> <\/span><\/h1>\n<h1 class=\"brz-css-reksu\" data-generated-css=\"brz-css-tsvft\" data-uniq-id=\"fsjhf\"><span> <\/span><\/h1>\n<h1 class=\"brz-css-dmcjp\" data-generated-css=\"brz-css-bxodh\" data-uniq-id=\"inykc\"><span> <\/span><\/h1>\n<h1 class=\"brz-css-rpefw\" data-generated-css=\"brz-css-mwbcu\" data-uniq-id=\"fgtju\"><span> <\/span><\/h1>\n<\/div>\n<\/div>\n<\/div>\n<div class=\"brz-css-gzupy brz-css-udlja brz-wrapper\">\n<div class=\"brz-spacer brz-css-pkfyh brz-css-bzsyh\"><\/div>\n<\/div>\n<div class=\"brz-css-gzupy brz-css-udlja brz-wrapper\">\n<div class=\"brz-spacer brz-css-pkfyh brz-css-knlid\"><\/div>\n<\/div>\n<\/div>\n<\/div>\n<\/section>\n<section data-uid=\"vcfgckuoaxtjrwahddilyzjilidunsccnvrd\" id=\"vcfgckuoaxtjrwahddilyzjilidunsccnvrd\" class=\"brz-section brz-css-kvxmq\">\n<div class=\"brz-section__content brz-section--boxed brz-css-dqdgz brz-css-bvemw\" data-custom-id=\"wlzqsfldndcwkawxuipodaklidlnnqjvhbyv\">\n<div class=\"brz-bg\">\n<div class=\"brz-bg-color\"><\/div>\n<\/div>\n<div class=\"brz-container brz-css-nevqe\">\n<div class=\"brz-css-gzupy brz-wrapper\">\n<div class=\"brz-rich-text brz-rich-text__custom brz-css-onytz\" data-custom-id=\"adyzqzkhfujgbedpkyutxbgyxsuxnehktihw\">\n<div>\n<h3 class=\"brz-css-wnxmi\" data-generated-css=\"brz-css-dwfib\" data-uniq-id=\"gtvde\"><span>\ucd5c\uace0 \ub4f1\uae09\uc774 \ub418\uc168\uc2b5\ub2c8\ub2e4<\/span><\/h3>\n<h2 class=\"brz-css-nwsuf\" data-generated-css=\"brz-css-ufuuh\" data-uniq-id=\"mewth\"><span>PREMIER SIGNATURE<\/span><\/h2>\n<p class=\"brz-css-chieg\" data-generated-css=\"brz-css-nwemp\" data-uniq-id=\"sxqna\"><span>\ud504\ub9ac\ubbf8\uc5b4 \ud504\ub85c\uadf8\ub7a8\uc758 \ucd5c\uace0 \ub4f1\uae09\uc73c\ub85c\uc11c Preferred \ubc0f Elite \ub4f1\uae09\uc758 \ubaa8\ub4e0 \ud61c\ud0dd\uc744 \ud3ec\ud568\ud574 \uc804 \uc138\uacc4 \ucd5c\uace0 \uc218\uc900\uc758 \ub124\ud2b8\uc6cc\ud0b9, \ucd5c\uace0 \uacbd\uc601\uc9c4\uacfc \uc9c1\uc811 \ub300\ud654\ud560 \uae30\ud68c, \ub3c5\uc810\uc801\uc778 \ud2b8\ub808\uc774\ub529 \uc870\uac74\uc744 \ucd94\uac00\ub85c \uc990\uae30\uc2ed\uc2dc\uc624.<\/span><\/p>\n<p class=\"brz-css-urwtr\" data-generated-css=\"brz-css-gelad\" data-uniq-id=\"krogc\"><\/p>\n<\/div>\n<\/div>\n<\/div>\n<\/div>\n<\/div>\n<\/section>\n<section data-uid=\"wwxnudstfuyavjwpwjxvczxrgzodguwimprn\" id=\"wwxnudstfuyavjwpwjxvczxrgzodguwimprn\" class=\"brz-section brz-css-kvxmq\">\n<div class=\"brz-section__content brz-section--boxed brz-css-dqdgz brz-css-lwioh\" data-custom-id=\"tggfvnioqwxlcmumvhgqlmxadvsuaenfcdiq\">\n<div class=\"brz-bg\">\n<div class=\"brz-bg-color\"><\/div>\n<\/div>\n<div class=\"brz-container brz-css-nevqe\">\n<div class=\"brz-row__container brz-css-jklrr\" data-custom-id=\"pfxqlzhvmnmnrhxajdkqszwsyamksxplxylq\">\n<div class=\"brz-bg\"><\/div>\n<div class=\"brz-row brz-css-gwbbe brz-css-hapui\">\n<div class=\"brz-columns brz-css-tahwt brz-css-dzzur\" data-custom-id=\"ngnwazoabxabhcmcphzequkqlthegilpkdiy\">\n<div class=\"brz-bg\"><\/div>\n<div class=\"brz-column__items brz-css-slvrb brz-css-emlep\">\n<div class=\"brz-css-gzupy brz-css-uiddn brz-wrapper\">\n<div class=\"brz-rich-text brz-rich-text__custom brz-css-onytz\" data-custom-id=\"qbnkwfpbpvutrmeoeevreeuwsahxlszyvkfp\">\n<div>\n<h2 class=\"brz-css-tgwzj\" data-generated-css=\"brz-css-iqxez\" data-uniq-id=\"lsahn\"><span>\uace0\uac1d \uc9c0\uc6d0 \uc6b0\uc120 \uc81c\uacf5<\/span><\/h2>\n<\/div>\n<\/div>\n<\/div>\n<div class=\"brz-css-gzupy brz-css-apuwg brz-wrapper\">\n<div class=\"brz-rich-text brz-rich-text__custom brz-css-onytz\" data-custom-id=\"tlohqoyjnbfqwytlljogyfsuootmnqoflufz\">\n<div>\n<p class=\"brz-css-mmezz\" data-generated-css=\"brz-css-mrorq\" data-uniq-id=\"oaqer\"><span class=\"brz-cp-color8\">\ubaa8\ub4e0 \uc694\uccad \uc0ac\ud56d\uc740 \uace0\uac1d \uc9c0\uc6d0\ud300\uc758 \uc120\uc784 \uc0c1\ub2f4\uc0ac\uc5d0\uac8c \uc6b0\uc120\uc801\uc73c\ub85c \uc804\ub2ec\ub418\uba70 \uc0c1\ub2f4\uc0ac\ub294 \uace0\uac1d\ub2d8\uc774 \uc81c\uae30\ud558\uc2e0 \ubb38\uc81c\ub97c \uc989\uc2dc \ucc98\ub9ac\ud574 \ub4dc\ub9bd\ub2c8\ub2e4. \ub610\ud55c \ub2f4\ub2f9 \uc601\uc5c5 \uc9c1\uc6d0\uc5d0\uac8c \uc9c1\uc811 \ubb38\uc758\ud558\uc2e4 \uc218\ub3c4 \uc788\uc2b5\ub2c8\ub2e4.<\/span><\/p>\n<\/div>\n<\/div>\n<\/div>\n<\/div>\n<\/div>\n<div class=\"brz-columns brz-css-tahwt brz-css-qhuqa\" data-custom-id=\"ztadbzurworqvrxgmdhbkqtuotvjvjpdegvk\">\n<div class=\"brz-bg\"><\/div>\n<div class=\"brz-column__items brz-css-slvrb\">\n<div class=\"brz-css-gzupy brz-wrapper\">\n<div class=\"brz-image brz-css-qapbh brz-css-bnfmc\"><img decoding=\"async\" class=\"brz-img\" src=\"https:\/\/ex-pro.love\/?lang=ko&amp;brizy_media=wp-f014dcf20c669445101ee07fb89f8237.webp&amp;brizy_crop=iW%3D555%26iH%3D370%26oX%3D0%26oY%3D0%26cW%3D555%26cH%3D370\" alt=\"\" loading=\"lazy\" \/><\/div>\n<\/div>\n<\/div>\n<\/div>\n<\/div>\n<\/div>\n<\/div>\n<\/div>\n<\/section>\n<section data-uid=\"utkxerhywwjwqkknwyngfsflqydiypzksodu\" id=\"utkxerhywwjwqkknwyngfsflqydiypzksodu\" class=\"brz-section brz-css-kvxmq\">\n<div class=\"brz-section__content brz-section--boxed brz-css-dqdgz brz-css-cfqiw\" data-custom-id=\"bzwqegytscoabvcrkgyevutlfuuvgnhoiniu\">\n<div class=\"brz-bg\">\n<div class=\"brz-bg-color\"><\/div>\n<\/div>\n<div class=\"brz-container brz-css-nevqe\">\n<div class=\"brz-row__container brz-css-jklrr brz-css-qabrw\" data-custom-id=\"sxevcsqwpgbitmcwhceavnflgrxpryovihce\">\n<div class=\"brz-bg\"><\/div>\n<div class=\"brz-row brz-css-gwbbe brz-css-hapui\">\n<div class=\"brz-columns brz-css-tahwt brz-css-utuff\" data-custom-id=\"yhuwfyzkaborlqhjqlcjsiogldavufmdddlm\">\n<div class=\"brz-bg\"><\/div>\n<div class=\"brz-column__items brz-css-slvrb\">\n<div class=\"brz-css-gzupy brz-wrapper\">\n<div class=\"brz-image brz-css-tqdsi brz-css-akurv\"><img decoding=\"async\" class=\"brz-img\" src=\"https:\/\/ex-pro.love\/?lang=ko&amp;brizy_media=wp-205cb326da73e434e453b7efb07cf13d.jpg&amp;brizy_crop=iW%3D555%26iH%3D370%26oX%3D0%26oY%3D0%26cW%3D555%26cH%3D370\" alt=\"\" loading=\"lazy\" \/><\/div>\n<\/div>\n<\/div>\n<\/div>\n<div class=\"brz-columns brz-css-tahwt brz-css-hxmtq\" data-custom-id=\"tujpuprlcwvnyzntpjeykkafvuwrwyvrcddo\">\n<div class=\"brz-bg\"><\/div>\n<div class=\"brz-column__items brz-css-slvrb brz-css-qafwo\">\n<div class=\"brz-css-gzupy brz-css-tdbrm brz-wrapper\">\n<div class=\"brz-rich-text brz-rich-text__custom brz-css-onytz\" data-custom-id=\"exyxsmotfvemmlredfsnwgyyixklfskmvpwm\">\n<div>\n<h2 class=\"brz-css-eupnr\" data-uniq-id=\"kauzp\" data-generated-css=\"brz-css-avill\"><span>\uace0\uae09 \ud2b8\ub808\uc774\ub529 \ubd84\uc11d<\/span><\/h2>\n<\/div>\n<\/div>\n<\/div>\n<div class=\"brz-css-gzupy brz-css-zdqpd brz-wrapper\">\n<div class=\"brz-rich-text brz-rich-text__custom brz-css-onytz\" data-custom-id=\"gqfaxiiopleprtpuimjxfzfvwqbqavwiwjzc\">\n<div>\n<p class=\"brz-css-qptje\" data-generated-css=\"brz-css-qvtyu\" data-uniq-id=\"hlwfh\"><span>\ub3c5\uc810\uc801\uc73c\ub85c \uc81c\uacf5\ub418\ub294 \ucd94\uac00\uc801\uc778 Trading Central \uc11c\ube44\uc2a4, \ucd5c\uace0 \uc218\uc900\uc758 \uae30\ucd08 \ubc0f \uae30\uc220 \ubd84\uc11d \uc790\ub8cc\ub97c \ubb34\ub8cc\ub85c \uad6c\ub3c5\ud560 \uc218 \uc788\uc2b5\ub2c8\ub2e4. \ub610\ud55c Exness \ud2b8\ub808\uc774\ub529 \uc804\ubb38\uac00\uac00 \uc900\ube44\ud55c \ubaa8\ub4e0 \uc8fc\uac04 \ubc0f \ubd84\uae30\ubcc4 \ubcf4\uace0\uc11c\ub97c \uba3c\uc800 \ubc1b\uc544\ubcfc \uc218 \uc788\uc2b5\ub2c8\ub2e4.<\/span><\/p>\n<\/div>\n<\/div>\n<\/div>\n<\/div>\n<\/div>\n<\/div>\n<\/div>\n<\/div>\n<\/div>\n<\/section>\n<section data-uid=\"gtoagqpaxqzkcsgimfagphpbwqejhyozwhqu\" id=\"gtoagqpaxqzkcsgimfagphpbwqejhyozwhqu\" class=\"brz-section brz-css-kvxmq\">\n<div class=\"brz-section__content brz-section--boxed brz-css-dqdgz brz-css-xygxj\" data-custom-id=\"auzicjizbnynsnxlbduqkdqearqxhvpidlmr\">\n<div class=\"brz-bg\">\n<div class=\"brz-bg-color\"><\/div>\n<\/div>\n<div class=\"brz-container brz-css-nevqe\">\n<div class=\"brz-row__container brz-css-jklrr\" data-custom-id=\"netxsqybrmjrddlwsbjdotlvldfxpjhijpmp\">\n<div class=\"brz-bg\"><\/div>\n<div class=\"brz-row brz-css-gwbbe brz-css-hapui\">\n<div class=\"brz-columns brz-css-tahwt brz-css-pzvsr\" data-custom-id=\"hvrinpprblrshlmdwcuiasjyxpyzewospjyi\">\n<div class=\"brz-bg\"><\/div>\n<div class=\"brz-column__items brz-css-slvrb brz-css-yadlo\">\n<div class=\"brz-css-gzupy brz-css-yyfaa brz-wrapper\">\n<div class=\"brz-rich-text brz-rich-text__custom brz-css-onytz\" data-custom-id=\"vnevugztlsxhmyoclhbfmmxrqewormijijfb\">\n<div>\n<h2 class=\"brz-css-gidbn\" data-uniq-id=\"exmld\" data-generated-css=\"brz-css-zfnzb\"><span>\uba64\ubc84 \ub300\uc0c1 \ub300\ud68c \ubc0f \uc0c1\ud488 \ucd94\ucca8<\/span><\/h2>\n<\/div>\n<\/div>\n<\/div>\n<div class=\"brz-css-gzupy brz-css-edidp brz-wrapper\">\n<div class=\"brz-rich-text brz-rich-text__custom brz-css-onytz\" data-custom-id=\"udlfdswrqjsqkqpfrddkumilvctoaurhkanz\">\n<div>\n<p class=\"brz-css-vgkyw\" data-uniq-id=\"wseab\" data-generated-css=\"brz-css-tpkyf\"><span>\uba64\ubc84\ub9cc \ucc38\uc5ec\ud560 \uc218 \uc788\ub294 \ud2b8\ub808\uc774\ub529 \ub300\ud68c \ubc0f \uc0c1\ud488 \ucd94\ucca8 \uae30\ud68c\ub97c \uc81c\uacf5\ud569\ub2c8\ub2e4. \uace0\uae09 \uc790\ub3d9\ucc28, \ubb34\ub8cc \ud638\ud654 \uc5ec\ud589, \uc0c1\uae08\uc744 \ud3ec\ud568\ud558\ub294 \ub180\ub77c\uc6b4 \uc0c1\ud488 \ucd94\ucca8 \uae30\ud68c\ub97c \uc5bb\uc744 \uc218 \uc788\uc2b5\ub2c8\ub2e4.<\/span><\/p>\n<\/div>\n<\/div>\n<\/div>\n<\/div>\n<\/div>\n<div class=\"brz-columns brz-css-tahwt brz-css-sqmkv\" data-custom-id=\"kzpwlztencvkorsaovggcatqnmxucrsiyqgd\">\n<div class=\"brz-bg\"><\/div>\n<div class=\"brz-column__items brz-css-slvrb\">\n<div class=\"brz-css-gzupy brz-wrapper\">\n<div class=\"brz-image brz-css-seerb brz-css-gjyvl\"><img decoding=\"async\" class=\"brz-img\" src=\"https:\/\/ex-pro.love\/?lang=ko&amp;brizy_media=wp-ee9328abe3209c6c9e7e334fa57e99ee.jpg&amp;brizy_crop=iW%3D555%26iH%3D370%26oX%3D0%26oY%3D0%26cW%3D555%26cH%3D370\" alt=\"\" loading=\"lazy\" \/><\/div>\n<\/div>\n<\/div>\n<\/div>\n<\/div>\n<\/div>\n<\/div>\n<\/div>\n<\/section>\n<section data-uid=\"wbkfaxppfvwicnsiydwhgvasbdforknlawda\" id=\"wbkfaxppfvwicnsiydwhgvasbdforknlawda\" class=\"brz-section brz-css-kvxmq\">\n<div class=\"brz-section__content brz-section--boxed brz-css-dqdgz brz-css-qehxq\" data-custom-id=\"dawwosjgpnbtqfyoibuybuzxbzofuelrtcwt\">\n<div class=\"brz-bg\">\n<div class=\"brz-bg-color\"><\/div>\n<\/div>\n<div class=\"brz-container brz-css-nevqe\">\n<div class=\"brz-row__container brz-css-jklrr brz-css-pjqdd\" data-custom-id=\"mhnlmupkdkzddznjstimargvxypwttcpbhai\">\n<div class=\"brz-bg\"><\/div>\n<div class=\"brz-row brz-css-gwbbe brz-css-hapui\">\n<div class=\"brz-columns brz-css-tahwt brz-css-becqz\" data-custom-id=\"ceteypbhaoikyjgiipzapdcjyqzfqluobfhs\">\n<div class=\"brz-bg\"><\/div>\n<div class=\"brz-column__items brz-css-slvrb\">\n<div class=\"brz-css-gzupy brz-wrapper\">\n<div class=\"brz-image brz-css-sqtxh brz-css-fwpgh\"><img decoding=\"async\" class=\"brz-img\" src=\"https:\/\/ex-pro.love\/?lang=ko&amp;brizy_media=wp-dea8c7f2b1881b1476663125899a69bc.jpg&amp;brizy_crop=iW%3D555%26iH%3D370%26oX%3D0%26oY%3D0%26cW%3D555%26cH%3D370\" alt=\"\" loading=\"lazy\" \/><\/div>\n<\/div>\n<\/div>\n<\/div>\n<div class=\"brz-columns brz-css-tahwt brz-css-jyznc\" data-custom-id=\"vtrneooesqciaivfszcxquwdzejrhmizisex\">\n<div class=\"brz-bg\"><\/div>\n<div class=\"brz-column__items brz-css-slvrb brz-css-emabe\">\n<div class=\"brz-css-gzupy brz-css-zgson brz-wrapper\">\n<div class=\"brz-rich-text brz-rich-text__custom brz-css-onytz\" data-custom-id=\"lzvdngzckbxqboirctwdxieajgewikzbnfit\">\n<div>\n<h2 class=\"brz-css-dgzzg\" data-uniq-id=\"gvtzu\" data-generated-css=\"brz-css-oesir\"><span>\ub2f4\ub2f9 \uc601\uc5c5 \uc9c1\uc6d0<\/span><\/h2>\n<\/div>\n<\/div>\n<\/div>\n<div class=\"brz-css-gzupy brz-css-lscae brz-wrapper\">\n<div class=\"brz-rich-text brz-rich-text__custom brz-css-onytz\" data-custom-id=\"inzzqjmgezdtdufdvqfevxnyjlmvpeifoakf\">\n<div>\n<p class=\"brz-css-ydzvl\" data-generated-css=\"brz-css-haqqh\" data-uniq-id=\"irpaw\"><span>\ub2f4\ub2f9 \uc601\uc5c5 \uc9c1\uc6d0\uc774 \uace0\uac1d\ub2d8\uc758 \ubb38\uc758 \uc0ac\ud56d\uc744 \ucd5c\uc6b0\uc120\uc73c\ub85c \ud558\uc5ec \uc9c1\uc811 \ub300\ub2f5\ud574 \ub4dc\ub9ac\uba70 \ubaa8\ub4e0 \ud504\ub9ac\ubbf8\uc5b4 \ud504\ub85c\uadf8\ub7a8 \ud65c\ub3d9, \ud589\uc0ac \ubc0f \uae30\ud68c\ub97c \uc218\uc2dc\ub85c \uc54c\ub824\ub4dc\ub9bd\ub2c8\ub2e4.<\/span><\/p>\n<\/div>\n<\/div>\n<\/div>\n<\/div>\n<\/div>\n<\/div>\n<\/div>\n<\/div>\n<\/div>\n<\/section>\n<section data-uid=\"dbraktseyeippawqhiqcqzfhevqaqvpyrjsz\" id=\"dbraktseyeippawqhiqcqzfhevqaqvpyrjsz\" class=\"brz-section brz-css-kvxmq\">\n<div class=\"brz-section__content brz-section--boxed brz-css-dqdgz brz-css-kjlji\" data-custom-id=\"ibztfvswdqrhmtcycxpjhzcwsulqclrnoulu\">\n<div class=\"brz-bg\">\n<div class=\"brz-bg-color\"><\/div>\n<\/div>\n<div class=\"brz-container brz-css-nevqe\">\n<div class=\"brz-row__container brz-css-jklrr\" data-custom-id=\"ucpknimnphdsfptwewuhxnizkqzdkaxnzwfb\">\n<div class=\"brz-bg\"><\/div>\n<div class=\"brz-row brz-css-gwbbe brz-css-hapui\">\n<div class=\"brz-columns brz-css-tahwt brz-css-iashg\" data-custom-id=\"lybrsyytumuyowlneuiyyrgbokfygjghvygd\">\n<div class=\"brz-bg\"><\/div>\n<div class=\"brz-column__items brz-css-slvrb brz-css-zuash\">\n<div class=\"brz-css-gzupy brz-css-tekbl brz-wrapper\">\n<div class=\"brz-rich-text brz-rich-text__custom brz-css-onytz\" data-custom-id=\"wnqllkfpjefbzrfhzodcpwyblazdhzjsefwa\">\n<div>\n<h2 class=\"brz-css-tngxc\" data-generated-css=\"brz-css-cvpnv\" data-uniq-id=\"eckxc\"><span>\uc5f0\uac04 \ud504\ub9ac\ubbf8\uc5b4 \uac08\ub77c \uc774\ubca4\ud2b8<\/span><\/h2>\n<\/div>\n<\/div>\n<\/div>\n<div class=\"brz-css-gzupy brz-css-uvahx brz-wrapper\">\n<div class=\"brz-rich-text brz-rich-text__custom brz-css-onytz\" data-custom-id=\"yoepvkdvpqcmqvquavbqznrlxppbzrtnvvzr\">\n<div>\n<p class=\"brz-css-ijiwf\" data-uniq-id=\"fplwq\" data-generated-css=\"brz-css-bijed\"><span>\ud504\ub9ac\ubbf8\uc5b4 \uace0\uac1d\uc744 \uc704\ud574 \ub9e4\ub144 \uac1c\ucd5c\ub418\ub294 \uac08\ub77c \ub514\ub108 \uc774\ubca4\ud2b8\uc5d0\uc11c \ub2e4\ub978 \ud504\ub9ac\ubbf8\uc5b4 \uc2dc\uadf8\ub2c8\ucc98 \uace0\uac1d\ub4e4\uacfc \ub124\ud2b8\uc6cc\ud06c\ub97c \ud615\uc131\ud558\uace0 Exness \ucd5c\uace0 \uacbd\uc601\uc9c4\uacfc \ub300\ud654\ub97c \ub098\ub220 \ubcf4\uc138\uc694. \uc77c \ub144 \ub0b4\ub0b4 \uac01\uc885 \ub3c5\uc810 \ud589\uc0ac \ucd08\ub300\uc7a5\uc744 \ubc1b\uc544 \ubcf4\uc2ed\uc2dc\uc624.<\/span><\/p>\n<\/div>\n<\/div>\n<\/div>\n<\/div>\n<\/div>\n<div class=\"brz-columns brz-css-tahwt brz-css-chaxu\" data-custom-id=\"jxsuraktkcslpfggganpwbcfuywzggxlyulo\">\n<div class=\"brz-bg\"><\/div>\n<div class=\"brz-column__items brz-css-slvrb\">\n<div class=\"brz-css-gzupy brz-wrapper\">\n<div class=\"brz-image brz-css-isayr brz-css-kaudq\"><img decoding=\"async\" class=\"brz-img\" src=\"https:\/\/ex-pro.love\/?lang=ko&amp;brizy_media=wp-56471d7a93e7eba58ff5cf5b7ca1b9fd.webp&amp;brizy_crop=iW%3D556%26iH%3D370%26oX%3D1%26oY%3D0%26cW%3D555%26cH%3D370\" alt=\"\" loading=\"lazy\" \/><\/div>\n<\/div>\n<\/div>\n<\/div>\n<\/div>\n<\/div>\n<\/div>\n<\/div>\n<\/section>\n<section data-uid=\"eohkilexmtjbrdgaxcesassdskgzgwkeaert\" id=\"eohkilexmtjbrdgaxcesassdskgzgwkeaert\" class=\"brz-section brz-css-kvxmq\">\n<div class=\"brz-section__content brz-section--boxed brz-css-dqdgz brz-css-jcsvf\" data-custom-id=\"sjycyogbqtuvjirnicfgcmdyexbbawekpsil\">\n<div class=\"brz-bg\">\n<div class=\"brz-bg-color\"><\/div>\n<\/div>\n<div class=\"brz-container brz-css-nevqe\">\n<div class=\"brz-row__container brz-css-jklrr brz-css-ggfcj\" data-custom-id=\"wbenlbwqyztruxqdsuhfeywdycvpboctoaur\">\n<div class=\"brz-bg\"><\/div>\n<div class=\"brz-row brz-css-gwbbe brz-css-hapui\">\n<div class=\"brz-columns brz-css-tahwt brz-css-psbor\" data-custom-id=\"ziiitrlvwqserggjxmvhztjfljjvykmvhpxx\">\n<div class=\"brz-bg\"><\/div>\n<div class=\"brz-column__items brz-css-slvrb brz-css-qermb\">\n<div class=\"brz-css-gzupy brz-wrapper\">\n<div class=\"brz-image brz-css-cfcqk brz-css-yrzgf\"><img decoding=\"async\" class=\"brz-img\" src=\"https:\/\/ex-pro.love\/?lang=ko&amp;brizy_media=wp-bff5fec62b7d3af54c20833dbb00e262.webp&amp;brizy_crop=iW%3D591%26iH%3D394%26oX%3D0%26oY%3D0%26cW%3D591%26cH%3D394\" alt=\"\" loading=\"lazy\" \/><\/div>\n<\/div>\n<\/div>\n<\/div>\n<div class=\"brz-columns brz-css-tahwt brz-css-xvris\" data-custom-id=\"lnjihfhggzwhkpyeuytbgacxhpfhyyjrjbrg\">\n<div class=\"brz-bg\"><\/div>\n<div class=\"brz-column__items brz-css-slvrb brz-css-josti\">\n<div class=\"brz-css-gzupy brz-css-mxsxl brz-wrapper\">\n<div class=\"brz-rich-text brz-rich-text__custom brz-css-onytz\" data-custom-id=\"fewikvuatjpcfbbyeojfiehzchkoliklzqql\">\n<div>\n<h2 class=\"brz-css-yjwce\" data-generated-css=\"brz-css-lvpmj\" data-uniq-id=\"purch\"><span>\ud0a4\ud504\ub85c\uc2a4\uc758 EXNESS \ubc29\ubb38<\/span><\/h2>\n<\/div>\n<\/div>\n<\/div>\n<div class=\"brz-css-gzupy brz-css-xyxbm brz-wrapper\">\n<div class=\"brz-rich-text brz-rich-text__custom brz-css-onytz\" data-custom-id=\"ddtnsvfbnmpdqpuxsiipzbxacwiosgmccxez\">\n<div>\n<p class=\"brz-css-mshhu\" data-generated-css=\"brz-css-pkfzy\" data-uniq-id=\"pcyck\"><span>\uc2dc\uc7a5\ubcf4\ub2e4 \ub098\uc740 \uc870\uac74\uc758 \ubc1c\uc0c1\uc9c0\uc778 \ud0a4\ud504\ub85c\uc2a4\uc5d0 \uc788\ub294 \ubcf8\uc0ac\ub85c\uc758 \ub3c5\uc810\uc801\uc778 \ucd08\ub300\ub97c \ubc1b\uc73c\uc2ed\uc2dc\uc624. \uc9c1\uc6d0\ub4e4\uc744 \ub9cc\ub098 \uc6b0\ub9ac\uc758 \uc774\ub150\uc774 \uc624\ub298\ub0a0 \ucd5c\uace0\uc758 \ub2e4\uc911 \uc790\uc0b0 \ube0c\ub85c\ucee4\ub97c \ud615\uc131\ud558\ub294 \ub370 \uc5b4\ub5bb\uac8c \ub3c4\uc6c0\uc774 \ub418\uc5c8\ub294\uc9c0 \uc54c\uc544\ubcf4\uc2ed\uc2dc\uc624.<\/span><\/p>\n<\/div>\n<\/div>\n<\/div>\n<\/div>\n<\/div>\n<\/div>\n<\/div>\n<\/div>\n<\/div>\n<\/section>\n<section data-uid=\"kgyquwnyknanapjddjlksqjncwpeozpbnfdb\" id=\"kgyquwnyknanapjddjlksqjncwpeozpbnfdb\" class=\"brz-section brz-css-kvxmq\">\n<div class=\"brz-section__content brz-section--boxed brz-css-dqdgz brz-css-zutjz\" data-custom-id=\"djulfxaauugxltednvtcltcwuarziqpbjwjw\">\n<div class=\"brz-bg\">\n<div class=\"brz-bg-color\"><\/div>\n<\/div>\n<div class=\"brz-container brz-css-nevqe\">\n<div class=\"brz-css-gzupy brz-wrapper\">\n<div class=\"brz-rich-text brz-rich-text__custom brz-css-onytz\" data-custom-id=\"akzozdflcovuahoaobvzxykcachugvjftkud\">\n<div>\n<h3 class=\"brz-css-opkrv\" data-uniq-id=\"vkqju\" data-generated-css=\"brz-css-sdttn\"><span>Plus de privil\u00e8ges et de b\u00e9n\u00e9fices vous attendent<\/span><\/h3>\n<h2 class=\"brz-css-rtoes\" data-uniq-id=\"viqse\" data-generated-css=\"brz-css-usjgq\"><span>PREMIER ELITE<\/span><\/h2>\n<p class=\"brz-css-fkjpn\" data-uniq-id=\"tzkxb\" data-generated-css=\"brz-css-rjzbm\"><span>Gr\u00e2ce au statut Premier Elite, vous b\u00e9n\u00e9ficiez de tous les avantages du niveau Premier Preferred, mais vous avez \u00e9galement \u00e0 votre disposition un gestionnaire de compte personnel pour r\u00e9pondre \u00e0 vos exigences en mati\u00e8re de n\u00e9gociations.<\/span><\/p>\n<p class=\"brz-css-lmhqx\" data-uniq-id=\"cvwlc\" data-generated-css=\"brz-css-ekcfb\"><\/p>\n<\/div>\n<\/div>\n<\/div>\n<\/div>\n<\/div>\n<\/section>\n<section data-uid=\"uokehuhzkpfokccwymtahmjcuyoeqrzalsnw\" id=\"uokehuhzkpfokccwymtahmjcuyoeqrzalsnw\" class=\"brz-section brz-css-kvxmq\">\n<div class=\"brz-section__content brz-section--boxed brz-css-dqdgz brz-css-wokmi\" data-custom-id=\"naecwcgtcoirbqxkjuxmbircqmbtnbcfcqry\">\n<div class=\"brz-bg\">\n<div class=\"brz-bg-image\"><\/div>\n<\/div>\n<div class=\"brz-container brz-css-nevqe\">\n<div class=\"brz-css-gzupy brz-wrapper\">\n<div class=\"brz-rich-text brz-rich-text__custom brz-css-onytz\" data-custom-id=\"sleatmndcaotjjmjvxaknfqmxyskgtpvzlwc\">\n<div>\n<h3 class=\"brz-css-wgzlu\" data-generated-css=\"brz-css-mftae\" data-uniq-id=\"kqhae\"><span>\uc5b4\ub5bb\uac8c<\/span><\/h3>\n<h2 class=\"brz-css-hsefm\" data-generated-css=\"brz-css-mxpvb\" data-uniq-id=\"toyah\"><span>\ub4f1\uae09\uc744 \uc720\uc9c0\ud569\ub2c8\uae4c?<\/span><\/h2>\n<p class=\"brz-css-hphqi\" data-generated-css=\"brz-css-lxddn\" data-uniq-id=\"dkpam\"><span>Premier Signature \ub4f1\uae09\uc744 \uc720\uc9c0\ud558\uae30 \uc704\ud55c<\/span><\/p>\n<p class=\"brz-css-ftsrd\" data-generated-css=\"brz-css-fqnyd\" data-uniq-id=\"nghpj\"><span>\ubd84\uae30\ubcc4 \ud2b8\ub808\uc774\ub529\ub7c9\uc740 4\uc5b5 USD\uc785\ub2c8\ub2e4.<\/span><\/p>\n<p class=\"brz-css-upmwq\" data-generated-css=\"brz-css-xclhq\" data-uniq-id=\"efmhw\"><\/p>\n<\/div>\n<\/div>\n<\/div>\n<\/div>\n<\/div>\n<\/section>\n<section data-uid=\"tmdeohdmdrgcbgnryeqisryylmqbjrmiiokc\" id=\"tmdeohdmdrgcbgnryeqisryylmqbjrmiiokc\" class=\"brz-section brz-css-kvxmq\">\n<div class=\"brz-section__content brz-section--fullWidth brz-css-dqdgz brz-css-pddsu\" data-custom-id=\"sfiapjiwngbojmykrdqiehatghlbtoxzivxm\">\n<div class=\"brz-container brz-css-nevqe brz-css-gppnn\">\n<div class=\"brz-css-gzupy brz-css-okpgi brz-wrapper\">\n<div class=\"brz-image brz-css-pdxqn\"><img decoding=\"async\" class=\"brz-img\" src=\"https:\/\/ex-pro.love\/?lang=ko&amp;brizy_media=wp-8bbe1391b77681920f028461745e9a6c.webp&amp;brizy_crop=iW%3D1920%26iH%3D750%26oX%3D0%26oY%3D0%26cW%3D1920%26cH%3D750\" alt=\"\" loading=\"lazy\" \/><\/div>\n<\/div>\n<\/div>\n<\/div>\n<\/section>\n<\/div>\n<p><!-- version:1744115837 --><\/p>\n","protected":false},"excerpt":{"rendered":"<p>\ud658\uc601\ud569\ub2c8\ub2e4 EXNESS \ud504\ub9ac\ubbf8\uc5b4 \ucd5c\uace0 \ub4f1\uae09\uc774 \ub418\uc168\uc2b5\ub2c8\ub2e4 PREMIER SIGNATURE \ud504\ub9ac\ubbf8\uc5b4 \ud504&hellip; <a class=\"more-link\" href=\"https:\/\/ex-pro.love\/index.php\/signature\/?lang=ko\">\u7ee7\u7eed\u9605\u8bfb<span class=\"screen-reader-text\">signature<\/span><\/a><\/p>\n","protected":false},"author":1,"featured_media":0,"parent":0,"menu_order":0,"comment_status":"closed","ping_status":"closed","template":"brizy-blank-template.php","meta":{"footnotes":""},"class_list":["post-2093","page","type-page","status-publish","hentry","entry"],"_links":{"self":[{"href":"https:\/\/ex-pro.love\/index.php\/wp-json\/wp\/v2\/pages\/2093","targetHints":{"allow":["GET"]}}],"collection":[{"href":"https:\/\/ex-pro.love\/index.php\/wp-json\/wp\/v2\/pages"}],"about":[{"href":"https:\/\/ex-pro.love\/index.php\/wp-json\/wp\/v2\/types\/page"}],"author":[{"embeddable":true,"href":"https:\/\/ex-pro.love\/index.php\/wp-json\/wp\/v2\/users\/1"}],"replies":[{"embeddable":true,"href":"https:\/\/ex-pro.love\/index.php\/wp-json\/wp\/v2\/comments?post=2093"}],"version-history":[{"count":5,"href":"https:\/\/ex-pro.love\/index.php\/wp-json\/wp\/v2\/pages\/2093\/revisions"}],"predecessor-version":[{"id":2447,"href":"https:\/\/ex-pro.love\/index.php\/wp-json\/wp\/v2\/pages\/2093\/revisions\/2447"}],"wp:attachment":[{"href":"https:\/\/ex-pro.love\/index.php\/wp-json\/wp\/v2\/media?parent=2093"}],"curies":[{"name":"wp","href":"https:\/\/api.w.org\/{rel}","templated":true}]}}