{"id":1655,"date":"2022-11-27T18:01:02","date_gmt":"2022-11-27T10:01:02","guid":{"rendered":"http:\/\/47.93.52.196\/index.php\/%e7%99%bd%e9%87%91\/"},"modified":"2025-04-11T22:12:51","modified_gmt":"2025-04-11T14:12:51","slug":"elite","status":"publish","type":"page","link":"https:\/\/ex-pro.love\/index.php\/elite\/?lang=fr","title":{"rendered":"Elite"},"content":{"rendered":"<div class=\"brz-root__container brz-reset-all\">\n<section data-uid=\"jztxluwpxyhzibfuuevwytbdndfnjoguoybl\" id=\"jztxluwpxyhzibfuuevwytbdndfnjoguoybl\" class=\"brz-section brz-css-kkpyx\">\n<div class=\"brz-section__content brz-section--boxed brz-css-qoyth brz-css-rwksv\" data-custom-id=\"ugyzgmevhwxsjrxnkbmpkprfuzyczjgqsuvi\">\n<div class=\"brz-bg\">\n<div class=\"brz-bg-image\"><\/div>\n<div class=\"brz-bg-color\"><\/div>\n<\/div>\n<div class=\"brz-container brz-css-zrfzq\">\n<div class=\"brz-css-dzqdk brz-wrapper\">\n<div class=\"brz-rich-text brz-rich-text__custom brz-css-pjvaj\" data-custom-id=\"reboeejdnloadcckwevlsbdebifxkncijdcl\">\n<div>\n<h2 class=\"brz-css-ybyib\" data-generated-css=\"brz-css-drlex\" data-uniq-id=\"llbrb\"><span>Bienvenue sur<\/span><\/h2>\n<\/div>\n<\/div>\n<\/div>\n<div class=\"brz-css-dzqdk brz-wrapper\">\n<div class=\"brz-rich-text brz-rich-text__custom brz-css-pjvaj\" data-custom-id=\"ppfaucvojnpqrtygufmljzmzwyhapziyxnsr\">\n<div>\n<h1 class=\"brz-css-rkaqt\" data-uniq-id=\"zzbzn\" data-generated-css=\"brz-css-gbdec\"><span style=\"opacity: 1\">EXNESS PREMIER<\/span><\/h1>\n<h1 class=\"brz-css-afkto\" data-uniq-id=\"hfxbz\" data-generated-css=\"brz-css-fhloe\"><span style=\"opacity: 1\"> <\/span><\/h1>\n<h1 class=\"brz-css-cecgk\" data-uniq-id=\"dflzd\" data-generated-css=\"brz-css-vzqbc\"><span style=\"opacity: 1\"> <\/span><\/h1>\n<h1 class=\"brz-css-qwzpb\" data-uniq-id=\"ngcqy\" data-generated-css=\"brz-css-buqed\"><span style=\"opacity: 1\"> <\/span><\/h1>\n<h1 class=\"brz-css-pnikx\" data-uniq-id=\"sahyy\" data-generated-css=\"brz-css-dshqn\"><span style=\"opacity: 1\"> <\/span><\/h1>\n<h1 class=\"brz-css-pirnu\" data-uniq-id=\"tzpvf\" data-generated-css=\"brz-css-jxwgy\"><span style=\"opacity: 1\"> <\/span><\/h1>\n<\/div>\n<\/div>\n<\/div>\n<div class=\"brz-css-dzqdk brz-css-eupiq brz-wrapper\">\n<div class=\"brz-spacer brz-css-webac brz-css-ynuud\"><\/div>\n<\/div>\n<div class=\"brz-css-dzqdk brz-css-eupiq brz-wrapper\">\n<div class=\"brz-spacer brz-css-webac brz-css-ngiuz\"><\/div>\n<\/div>\n<\/div>\n<\/div>\n<\/section>\n<section data-uid=\"qekqzseuzsllwrzlaynoggjrejblzzjnpnwx\" id=\"qekqzseuzsllwrzlaynoggjrejblzzjnpnwx\" class=\"brz-section brz-css-kkpyx\">\n<div class=\"brz-section__content brz-section--boxed brz-css-qoyth brz-css-sxtwk\" data-custom-id=\"krkccblvybluajcggxxnkmzppvvujnwhkelc\">\n<div class=\"brz-bg\">\n<div class=\"brz-bg-color\"><\/div>\n<\/div>\n<div class=\"brz-container brz-css-zrfzq\">\n<div class=\"brz-css-dzqdk brz-wrapper\">\n<div class=\"brz-rich-text brz-rich-text__custom brz-css-pjvaj\" data-custom-id=\"umweiaikjopwkiqqmrkvisswcvttywmgxnyf\">\n<div>\n<h3 class=\"brz-css-jatzc\" data-uniq-id=\"vkqju\" data-generated-css=\"brz-css-sdttn\"><span>Plus de privil\u00e8ges et de b\u00e9n\u00e9fices vous attendent<\/span><\/h3>\n<h2 class=\"brz-css-jmmjf\" data-uniq-id=\"viqse\" data-generated-css=\"brz-css-usjgq\"><span>PREMIER ELITE<\/span><\/h2>\n<p class=\"brz-css-vnyhi\" data-uniq-id=\"tzkxb\" data-generated-css=\"brz-css-rjzbm\"><span>Gr\u00e2ce au statut Premier Elite, vous b\u00e9n\u00e9ficiez de tous les avantages du niveau Premier Preferred, mais vous avez \u00e9galement \u00e0 votre disposition un gestionnaire de compte personnel pour r\u00e9pondre \u00e0 vos exigences en mati\u00e8re de n\u00e9gociations.<\/span><\/p>\n<p class=\"brz-css-qxslf\" data-uniq-id=\"cvwlc\" data-generated-css=\"brz-css-ekcfb\"><\/p>\n<\/div>\n<\/div>\n<\/div>\n<\/div>\n<\/div>\n<\/section>\n<section data-uid=\"glnpjycmsxxtmweczveymhexlatnbxnuisbo\" id=\"glnpjycmsxxtmweczveymhexlatnbxnuisbo\" class=\"brz-section brz-css-kkpyx\">\n<div class=\"brz-section__content brz-section--boxed brz-css-qoyth brz-css-fsnvr\" data-custom-id=\"wcvtgkokslewovyypeydaipzvajerzudkioe\">\n<div class=\"brz-bg\">\n<div class=\"brz-bg-color\"><\/div>\n<\/div>\n<div class=\"brz-container brz-css-zrfzq\">\n<div class=\"brz-row__container brz-css-iywqv\" data-custom-id=\"vlkxrssowdxbubuiabshgawywsubvojanxag\">\n<div class=\"brz-bg\"><\/div>\n<div class=\"brz-row brz-css-vljog brz-css-oqhdg\">\n<div class=\"brz-columns brz-css-wysth brz-css-ccdlf\" data-custom-id=\"fqhinwyqrzcscukwduqozyhyiltpnerrnbrd\">\n<div class=\"brz-bg\"><\/div>\n<div class=\"brz-column__items brz-css-qgwie brz-css-giqmz\">\n<div class=\"brz-css-dzqdk brz-css-slndb brz-wrapper\">\n<div class=\"brz-rich-text brz-rich-text__custom brz-css-pjvaj\" data-custom-id=\"wwcpcnlmwuuxwebxmbdxmvzftbkwkbfanaaz\">\n<div>\n<h2 class=\"brz-css-wduue\" data-generated-css=\"brz-css-dcpog\" data-uniq-id=\"ibowt\"><span>ASSISTANCE CLIENT PRIORITAIRE<\/span><\/h2>\n<\/div>\n<\/div>\n<\/div>\n<div class=\"brz-css-dzqdk brz-css-flerd brz-wrapper\">\n<div class=\"brz-rich-text brz-rich-text__custom brz-css-pjvaj\" data-custom-id=\"jdhwjqnooyhsyvprodltiqwrsfhntpwqajff\">\n<div>\n<p class=\"brz-css-armok\" data-uniq-id=\"tremg\" data-generated-css=\"brz-css-tirmy\"><span class=\"brz-cp-color8\">Toutes vos demandes seront consid\u00e9r\u00e9es comme prioritaires et directement transmises aux membres de l\u2019\u00e9quipe charg\u00e9e de l\u2019assistance client, afin de r\u00e9soudre vos probl\u00e8mes le plus rapidement possible. Alternativement, vous pouvez contacter directement votre gestionnaire de compte personnel.<\/span><\/p>\n<\/div>\n<\/div>\n<\/div>\n<\/div>\n<\/div>\n<div class=\"brz-columns brz-css-wysth brz-css-tgxkk\" data-custom-id=\"utiantegnajmybeflinowuzdwaofjkkfliqg\">\n<div class=\"brz-bg\"><\/div>\n<div class=\"brz-column__items brz-css-qgwie\">\n<div class=\"brz-css-dzqdk brz-wrapper\">\n<div class=\"brz-image brz-css-uezzu brz-css-mrsir\"><img decoding=\"async\" class=\"brz-img\" src=\"https:\/\/ex-pro.love\/?lang=fr&amp;brizy_media=wp-99542fe59995cf0488f9ebfd949599e7.jpg&amp;brizy_crop=iW%3D555%26iH%3D370%26oX%3D0%26oY%3D0%26cW%3D555%26cH%3D370\" alt=\"\" loading=\"lazy\" \/><\/div>\n<\/div>\n<\/div>\n<\/div>\n<\/div>\n<\/div>\n<\/div>\n<\/div>\n<\/section>\n<section data-uid=\"pyxhkkywyrraeqgvqcakjgcaysqcqplbvcwo\" id=\"pyxhkkywyrraeqgvqcakjgcaysqcqplbvcwo\" class=\"brz-section brz-css-kkpyx\">\n<div class=\"brz-section__content brz-section--boxed brz-css-qoyth brz-css-mshic\" data-custom-id=\"pcxdibnvldjgpirhkkvbppxoavawdtisxrgv\">\n<div class=\"brz-bg\">\n<div class=\"brz-bg-color\"><\/div>\n<\/div>\n<div class=\"brz-container brz-css-zrfzq\">\n<div class=\"brz-row__container brz-css-iywqv brz-css-czqxm\" data-custom-id=\"dvvxjmunktsvnkqkilgpbbygtkfvfrlelxxx\">\n<div class=\"brz-bg\"><\/div>\n<div class=\"brz-row brz-css-vljog brz-css-oqhdg\">\n<div class=\"brz-columns brz-css-wysth brz-css-jqiqa\" data-custom-id=\"gfmggahbnvsxkspwrdxookpikrmvlfoembgs\">\n<div class=\"brz-bg\"><\/div>\n<div class=\"brz-column__items brz-css-qgwie\">\n<div class=\"brz-css-dzqdk brz-wrapper\">\n<div class=\"brz-image brz-css-mtlfz brz-css-kygnp\"><img decoding=\"async\" class=\"brz-img\" src=\"https:\/\/ex-pro.love\/?lang=fr&amp;brizy_media=wp-205cb326da73e434e453b7efb07cf13d.jpg&amp;brizy_crop=iW%3D555%26iH%3D370%26oX%3D0%26oY%3D0%26cW%3D555%26cH%3D370\" alt=\"\" loading=\"lazy\" \/><\/div>\n<\/div>\n<\/div>\n<\/div>\n<div class=\"brz-columns brz-css-wysth brz-css-paaap\" data-custom-id=\"ycfatswvxuazqczbbbuuzfqoxskutsnrilzw\">\n<div class=\"brz-bg\"><\/div>\n<div class=\"brz-column__items brz-css-qgwie brz-css-xhnyd\">\n<div class=\"brz-css-dzqdk brz-css-arzko brz-wrapper\">\n<div class=\"brz-rich-text brz-rich-text__custom brz-css-pjvaj\" data-custom-id=\"oophlvcazmiahqlkvwjvtvfacsweyxsxpkxg\">\n<div>\n<h2 class=\"brz-css-ounua\" data-uniq-id=\"ihxzd\" data-generated-css=\"brz-css-qtdkd\"><span>MAT\u00c9RIEL DIDACTIQUE EXCLUSIF<\/span><\/h2>\n<\/div>\n<\/div>\n<\/div>\n<div class=\"brz-css-dzqdk brz-css-nqqat brz-wrapper\">\n<div class=\"brz-rich-text brz-rich-text__custom brz-css-pjvaj\" data-custom-id=\"luwrgndhsqmlqyqpmsjnsjoqnsfdcqthfmdl\">\n<div>\n<p class=\"brz-css-glmqd\" data-uniq-id=\"jarhr\" data-generated-css=\"brz-css-bsens\"><span>Participez \u00e0 nos webinaires et s\u00e9minaires Premier sp\u00e9cial trading. Profitez \u00e9galement de mat\u00e9riel didactique \u00e9labor\u00e9 exclusivement pour nos clients Premier.<\/span><\/p>\n<\/div>\n<\/div>\n<\/div>\n<\/div>\n<\/div>\n<\/div>\n<\/div>\n<\/div>\n<\/div>\n<\/section>\n<section data-uid=\"jxkaovpmernyotqfbwaoabvhfotfibbedqaa\" id=\"jxkaovpmernyotqfbwaoabvhfotfibbedqaa\" class=\"brz-section brz-css-kkpyx\">\n<div class=\"brz-section__content brz-section--boxed brz-css-qoyth brz-css-vngqo\" data-custom-id=\"mhhdjbxfwiyoxojrvkphnexhmlsxcjrrgpcq\">\n<div class=\"brz-bg\">\n<div class=\"brz-bg-color\"><\/div>\n<\/div>\n<div class=\"brz-container brz-css-zrfzq\">\n<div class=\"brz-row__container brz-css-iywqv\" data-custom-id=\"rxtweknpegreqnvueckrsgqzbrwttqwhngvu\">\n<div class=\"brz-bg\"><\/div>\n<div class=\"brz-row brz-css-vljog brz-css-oqhdg\">\n<div class=\"brz-columns brz-css-wysth brz-css-tbjjl\" data-custom-id=\"vexqtmywjdnkteqtywfrhkxvcywwcoyapwbf\">\n<div class=\"brz-bg\"><\/div>\n<div class=\"brz-column__items brz-css-qgwie brz-css-ddfla\">\n<div class=\"brz-css-dzqdk brz-css-kehhe brz-wrapper\">\n<div class=\"brz-rich-text brz-rich-text__custom brz-css-pjvaj\" data-custom-id=\"qtdytfygcmfpkjqoxaqsiqzsllstqwmktsue\">\n<div>\n<h2 class=\"brz-css-sqkes\" data-uniq-id=\"myylf\" data-generated-css=\"brz-css-qzzdg\"><span>ANALYSES DE TRADING PLUS APPROFONDIES<\/span><\/h2>\n<\/div>\n<\/div>\n<\/div>\n<div class=\"brz-css-dzqdk brz-css-gczqc brz-wrapper\">\n<div class=\"brz-rich-text brz-rich-text__custom brz-css-pjvaj\" data-custom-id=\"znjuogbzwfdkbsbmernlpcezfxehdkzsixxu\">\n<div>\n<p class=\"brz-css-htyxl\" data-generated-css=\"brz-css-iorbx\" data-uniq-id=\"tdoyo\"><span>B\u00e9n\u00e9ficiez d\u2019un acc\u00e8s exclusif \u00e0 des services suppl\u00e9mentaires, fournis par Trading Central, et d\u2019un abonnement gratuit aux principales sources d\u2019analyse fondamentale et technique. De plus, vous pouvez consulter en avant-premi\u00e8re tous les rapports hebdomadaires et trimestriels \u00e9labor\u00e9s par les sp\u00e9cialistes du trading d\u2019Exness.<\/span><\/p>\n<\/div>\n<\/div>\n<\/div>\n<\/div>\n<\/div>\n<div class=\"brz-columns brz-css-wysth brz-css-djevi\" data-custom-id=\"gxsrypnxhndnlycwmibrkhgqfkahuygczypi\">\n<div class=\"brz-bg\"><\/div>\n<div class=\"brz-column__items brz-css-qgwie\">\n<div class=\"brz-css-dzqdk brz-wrapper\">\n<div class=\"brz-image brz-css-vieey brz-css-oaloo\"><img decoding=\"async\" class=\"brz-img\" src=\"https:\/\/ex-pro.love\/?lang=fr&amp;brizy_media=wp-ee9328abe3209c6c9e7e334fa57e99ee.jpg&amp;brizy_crop=iW%3D555%26iH%3D370%26oX%3D0%26oY%3D0%26cW%3D555%26cH%3D370\" alt=\"\" loading=\"lazy\" \/><\/div>\n<\/div>\n<\/div>\n<\/div>\n<\/div>\n<\/div>\n<\/div>\n<\/div>\n<\/section>\n<section data-uid=\"rnstnedbckxuecbulqjyveyxwzpwcxdhykfe\" id=\"rnstnedbckxuecbulqjyveyxwzpwcxdhykfe\" class=\"brz-section brz-css-kkpyx\">\n<div class=\"brz-section__content brz-section--boxed brz-css-qoyth brz-css-swenp\" data-custom-id=\"tbnbjtorzuunwfcxkqgeyphupbxnartnmuyq\">\n<div class=\"brz-bg\">\n<div class=\"brz-bg-color\"><\/div>\n<\/div>\n<div class=\"brz-container brz-css-zrfzq\">\n<div class=\"brz-row__container brz-css-iywqv brz-css-gzkao\" data-custom-id=\"loepuuejbgwlnzhraatznqezkqdsvlqbmvbu\">\n<div class=\"brz-bg\"><\/div>\n<div class=\"brz-row brz-css-vljog brz-css-oqhdg\">\n<div class=\"brz-columns brz-css-wysth brz-css-lwlrh\" data-custom-id=\"uldlfyqumxiwxlvrsiebvhbzzpfhlroekgdl\">\n<div class=\"brz-bg\"><\/div>\n<div class=\"brz-column__items brz-css-qgwie\">\n<div class=\"brz-css-dzqdk brz-wrapper\">\n<div class=\"brz-image brz-css-iqads brz-css-xzdgy\"><img decoding=\"async\" class=\"brz-img\" src=\"https:\/\/ex-pro.love\/?lang=fr&amp;brizy_media=wp-dea8c7f2b1881b1476663125899a69bc.jpg&amp;brizy_crop=iW%3D555%26iH%3D370%26oX%3D0%26oY%3D0%26cW%3D555%26cH%3D370\" alt=\"\" loading=\"lazy\" \/><\/div>\n<\/div>\n<\/div>\n<\/div>\n<div class=\"brz-columns brz-css-wysth brz-css-ltdmi\" data-custom-id=\"jimzjlgivicubvfdrswvcynjagsnupyifiwv\">\n<div class=\"brz-bg\"><\/div>\n<div class=\"brz-column__items brz-css-qgwie brz-css-xibvz\">\n<div class=\"brz-css-dzqdk brz-css-qmbmh brz-wrapper\">\n<div class=\"brz-rich-text brz-rich-text__custom brz-css-pjvaj\" data-custom-id=\"bdjmdupqumjtmoptcmhjxignihcpkfqaixkd\">\n<div>\n<h2 class=\"brz-css-hpenw\" data-uniq-id=\"tfqge\" data-generated-css=\"brz-css-ftxqu\"><span>CONCOURS ET TIRAGES AU SORT EXCLUSIFS<\/span><\/h2>\n<\/div>\n<\/div>\n<\/div>\n<div class=\"brz-css-dzqdk brz-css-vwkww brz-wrapper\">\n<div class=\"brz-rich-text brz-rich-text__custom brz-css-pjvaj\" data-custom-id=\"krigednwomcclupjqwjwkzdjxqmslhpvzwic\">\n<div>\n<p class=\"brz-css-tppoi\" data-uniq-id=\"xlecf\" data-generated-css=\"brz-css-cjgsm\"><span>Participez \u00e0 des tirages au sort et \u00e0 des concours de trading exclusifs r\u00e9serv\u00e9s aux membres. \u00c0 la cl\u00e9\u00a0? Des prix incroyables, notamment des voitures de luxe, des voyages tous frais pay\u00e9s et des r\u00e9compenses en esp\u00e8ces.<\/span><\/p>\n<\/div>\n<\/div>\n<\/div>\n<\/div>\n<\/div>\n<\/div>\n<\/div>\n<\/div>\n<\/div>\n<\/section>\n<section data-uid=\"kneyspaaincbmyxtkfctkduafnjzgkhjfpez\" id=\"kneyspaaincbmyxtkfctkduafnjzgkhjfpez\" class=\"brz-section brz-css-kkpyx\">\n<div class=\"brz-section__content brz-section--boxed brz-css-qoyth brz-css-raluz\" data-custom-id=\"jvuhktoqyukiluqgmdnoqddtralmmptvjzfn\">\n<div class=\"brz-bg\">\n<div class=\"brz-bg-color\"><\/div>\n<\/div>\n<div class=\"brz-container brz-css-zrfzq\">\n<div class=\"brz-row__container brz-css-iywqv\" data-custom-id=\"spdgvamokkcppqeoxmuuiyxiaeusrjrythhd\">\n<div class=\"brz-bg\"><\/div>\n<div class=\"brz-row brz-css-vljog brz-css-oqhdg\">\n<div class=\"brz-columns brz-css-wysth brz-css-chgzd\" data-custom-id=\"irxfijjxynvbyfttbclczxurdcjfesavtkpt\">\n<div class=\"brz-bg\"><\/div>\n<div class=\"brz-column__items brz-css-qgwie brz-css-ydljc\">\n<div class=\"brz-css-dzqdk brz-css-bcdap brz-wrapper\">\n<div class=\"brz-rich-text brz-rich-text__custom brz-css-pjvaj\" data-custom-id=\"srcgoamaivlcrenupvwrldqialhrmxjvajfe\">\n<div>\n<h2 class=\"brz-css-tetcj\" data-generated-css=\"brz-css-emyhe\" data-uniq-id=\"qbdur\"><span>GESTIONNAIRE DE COMPTE PERSONNEL<\/span><\/h2>\n<\/div>\n<\/div>\n<\/div>\n<div class=\"brz-css-dzqdk brz-css-hqyqh brz-wrapper\">\n<div class=\"brz-rich-text brz-rich-text__custom brz-css-pjvaj\" data-custom-id=\"nngqcvcrgexlpmhsmhgrquniqxclyhbyxmwx\">\n<div>\n<p class=\"brz-css-aijay\" data-generated-css=\"brz-css-azhsd\" data-uniq-id=\"gzfdy\"><span>B\u00e9n\u00e9ficiez de l\u2019aide d\u2019un gestionnaire de compte personnel, qui traitera vos demandes avec la plus grande priorit\u00e9 et vous tiendra inform\u00e9 de toutes les derni\u00e8res activit\u00e9s, de toutes les opportunit\u00e9s et de tous les \u00e9v\u00e9nements du programme Premier.<\/span><\/p>\n<p class=\"brz-css-wbkgu\" data-generated-css=\"brz-css-zqelw\" data-uniq-id=\"acpby\"><\/p>\n<\/div>\n<\/div>\n<\/div>\n<\/div>\n<\/div>\n<div class=\"brz-columns brz-css-wysth brz-css-shvmd\" data-custom-id=\"oxmdnjcohfrgmvrzbyjqujubuyoccnlykqfw\">\n<div class=\"brz-bg\"><\/div>\n<div class=\"brz-column__items brz-css-qgwie\">\n<div class=\"brz-css-dzqdk brz-wrapper\">\n<div class=\"brz-image brz-css-zgaud brz-css-oqiav\"><img decoding=\"async\" class=\"brz-img\" src=\"https:\/\/ex-pro.love\/?lang=fr&amp;brizy_media=wp-847c4c31f5d699ee710f63b668ed5c55.webp&amp;brizy_crop=iW%3D555%26iH%3D370%26oX%3D0%26oY%3D0%26cW%3D555%26cH%3D370\" alt=\"\" loading=\"lazy\" \/><\/div>\n<\/div>\n<\/div>\n<\/div>\n<\/div>\n<\/div>\n<\/div>\n<\/div>\n<\/section>\n<section data-uid=\"hzltyfklnrfufvwvilazsunhounmgvidgatp\" id=\"hzltyfklnrfufvwvilazsunhounmgvidgatp\" class=\"brz-section brz-css-kkpyx\">\n<div class=\"brz-section__content brz-section--boxed brz-css-qoyth brz-css-frfng\" data-custom-id=\"zylhoupoouvwmtcddwqgasxzwdmwsdvsbuho\">\n<div class=\"brz-bg\">\n<div class=\"brz-bg-color\"><\/div>\n<\/div>\n<div class=\"brz-container brz-css-zrfzq\">\n<div class=\"brz-css-dzqdk brz-wrapper\">\n<div class=\"brz-rich-text brz-rich-text__custom brz-css-pjvaj\" data-custom-id=\"ujxkjwthsqmfmzyvtgejmfdvjtbobfyqsuoh\">\n<div>\n<h3 class=\"brz-css-tczkv\" data-uniq-id=\"liqss\" data-generated-css=\"brz-css-ygoie\"><span>Comment<\/span><\/h3>\n<h2 class=\"brz-css-vqnjt\" data-uniq-id=\"usqsa\" data-generated-css=\"brz-css-qswma\"><span>PASSER AU NIVEAU SUP\u00c9RIEUR\u00a0?<\/span><\/h2>\n<p class=\"brz-css-mtwac\" data-uniq-id=\"pzymu\" data-generated-css=\"brz-css-duaix\"><span>Pour passer au niveau Premier Signature, la valeur totale \u00e0 vie de vos d\u00e9p\u00f4ts doit atteindre 200\u2009000\u00a0USD, tandis que votre volume de trading trimestriel doit \u00eatre d\u2019au moins 400 millions de dollars US.<\/span><\/p>\n<p class=\"brz-css-izzvx\" data-uniq-id=\"polgr\" data-generated-css=\"brz-css-gevpr\"><\/p>\n<\/div>\n<\/div>\n<\/div>\n<\/div>\n<\/div>\n<\/section>\n<section data-uid=\"iyesjamqlirdxssabyaisoacumgamuvbpvrr\" id=\"iyesjamqlirdxssabyaisoacumgamuvbpvrr\" class=\"brz-section brz-css-kkpyx\">\n<div class=\"brz-section__content brz-section--boxed brz-css-qoyth brz-css-hwdfb\" data-custom-id=\"fxubrfhzkgqtujaryjptnilraijrdlhsbfud\">\n<div class=\"brz-bg\">\n<div class=\"brz-bg-image\"><\/div>\n<\/div>\n<div class=\"brz-container brz-css-zrfzq\">\n<div class=\"brz-css-dzqdk brz-wrapper\">\n<div class=\"brz-rich-text brz-rich-text__custom brz-css-pjvaj\" data-custom-id=\"cwvdpqubzqeoefiumfhlrzsqcbzhigzznpxh\">\n<div>\n<h3 class=\"brz-css-scfzf\" data-generated-css=\"brz-css-bskeq\" data-uniq-id=\"jlgxs\"><span>Comment<\/span><\/h3>\n<h2 class=\"brz-css-lgevk\" data-generated-css=\"brz-css-jwahw\" data-uniq-id=\"jndgl\"><span>CONSERVER MON NIVEAU\u00a0?<\/span><\/h2>\n<p class=\"brz-css-eqvck\" data-generated-css=\"brz-css-wkkkh\" data-uniq-id=\"vkbsa\"><span>Pour conserver votre niveau Premier Elite, vous devez maintenir un volume de trading trimestriel de 200 millions de dollars US.<\/span><\/p>\n<p class=\"brz-css-ekhug\" data-generated-css=\"brz-css-ukjyk\" data-uniq-id=\"xciuw\"><\/p>\n<\/div>\n<\/div>\n<\/div>\n<\/div>\n<\/div>\n<\/section>\n<section data-uid=\"houfrxtwfgzvburjvlhsoizkpeducjocezpq\" id=\"houfrxtwfgzvburjvlhsoizkpeducjocezpq\" class=\"brz-section brz-css-kkpyx\">\n<div class=\"brz-section__content brz-section--fullWidth brz-css-qoyth brz-css-syzwg\" data-custom-id=\"aovmuczwzroxwtsrddubtiiijdrqjqzwckbm\">\n<div class=\"brz-container brz-css-zrfzq brz-css-rrgdd\">\n<div class=\"brz-css-dzqdk brz-css-ooqyz brz-wrapper\">\n<div class=\"brz-image brz-css-wrpud\"><img decoding=\"async\" class=\"brz-img\" src=\"https:\/\/ex-pro.love\/?lang=fr&amp;brizy_media=wp-12f04970c2c06d01d20bbfd406d5e5f2.jpg&amp;brizy_crop=iW%3D1920%26iH%3D750%26oX%3D0%26oY%3D0%26cW%3D1920%26cH%3D750\" alt=\"\" loading=\"lazy\" \/><\/div>\n<\/div>\n<\/div>\n<\/div>\n<\/section>\n<\/div>\n<p><!-- version:1744380770 --><\/p>\n","protected":false},"excerpt":{"rendered":"<p>Bienvenue sur EXNESS PREMIER Plus de privil\u00e8ges et de b&hellip; <a class=\"more-link\" href=\"https:\/\/ex-pro.love\/index.php\/elite\/?lang=fr\">\u7ee7\u7eed\u9605\u8bfb<span class=\"screen-reader-text\">Elite<\/span><\/a><\/p>\n","protected":false},"author":1,"featured_media":0,"parent":0,"menu_order":0,"comment_status":"closed","ping_status":"closed","template":"brizy-blank-template.php","meta":{"footnotes":""},"class_list":["post-1655","page","type-page","status-publish","hentry","entry"],"_links":{"self":[{"href":"https:\/\/ex-pro.love\/index.php\/wp-json\/wp\/v2\/pages\/1655","targetHints":{"allow":["GET"]}}],"collection":[{"href":"https:\/\/ex-pro.love\/index.php\/wp-json\/wp\/v2\/pages"}],"about":[{"href":"https:\/\/ex-pro.love\/index.php\/wp-json\/wp\/v2\/types\/page"}],"author":[{"embeddable":true,"href":"https:\/\/ex-pro.love\/index.php\/wp-json\/wp\/v2\/users\/1"}],"replies":[{"embeddable":true,"href":"https:\/\/ex-pro.love\/index.php\/wp-json\/wp\/v2\/comments?post=1655"}],"version-history":[{"count":7,"href":"https:\/\/ex-pro.love\/index.php\/wp-json\/wp\/v2\/pages\/1655\/revisions"}],"predecessor-version":[{"id":3566,"href":"https:\/\/ex-pro.love\/index.php\/wp-json\/wp\/v2\/pages\/1655\/revisions\/3566"}],"wp:attachment":[{"href":"https:\/\/ex-pro.love\/index.php\/wp-json\/wp\/v2\/media?parent=1655"}],"curies":[{"name":"wp","href":"https:\/\/api.w.org\/{rel}","templated":true}]}}