{"id":1628,"date":"2022-11-27T18:24:58","date_gmt":"2022-11-27T10:24:58","guid":{"rendered":"http:\/\/47.93.52.196\/index.php\/%e6%99%b6%e9%92%bb\/"},"modified":"2025-04-08T20:36:47","modified_gmt":"2025-04-08T12:36:47","slug":"signature","status":"publish","type":"page","link":"https:\/\/ex-pro.love\/index.php\/signature\/?lang=fr","title":{"rendered":"Signature"},"content":{"rendered":"<div class=\"brz-root__container brz-reset-all\">\n<section data-uid=\"qfrbgzsmogvugpvvjgbikwusgnleavtimdjw\" id=\"qfrbgzsmogvugpvvjgbikwusgnleavtimdjw\" class=\"brz-section brz-css-ixdrq\">\n<div class=\"brz-section__content brz-section--boxed brz-css-bbaal brz-css-xatrm\" data-custom-id=\"zcoqufksryrcninnxakoobjemjueylgysgzb\">\n<div class=\"brz-bg\">\n<div class=\"brz-bg-image\"><\/div>\n<div class=\"brz-bg-color\"><\/div>\n<\/div>\n<div class=\"brz-container brz-css-ldsav\">\n<div class=\"brz-css-wtwcv brz-wrapper\">\n<div class=\"brz-rich-text brz-rich-text__custom brz-css-eprpl\" data-custom-id=\"edncqjgugqrsunhpmbijyfdckhmnxhxysrtf\">\n<div>\n<h2 class=\"brz-css-mwrdh\" data-generated-css=\"brz-css-jjigv\" data-uniq-id=\"minfv\"><span>Bienvenue sur<\/span><\/h2>\n<\/div>\n<\/div>\n<\/div>\n<div class=\"brz-css-wtwcv brz-wrapper\">\n<div class=\"brz-rich-text brz-rich-text__custom brz-css-eprpl\" data-custom-id=\"wljdbtgfpzapmxovkigrrauyqjgghbrkoaly\">\n<div>\n<h1 class=\"brz-css-xaybp\" data-generated-css=\"brz-css-xovpy\" data-uniq-id=\"bwapz\"><span>EXNESS PREMIER<\/span><\/h1>\n<h1 class=\"brz-css-bzbkm\" data-generated-css=\"brz-css-lvdgo\" data-uniq-id=\"usxdw\"><span> <\/span><\/h1>\n<h1 class=\"brz-css-tulkv\" data-generated-css=\"brz-css-zlyty\" data-uniq-id=\"ganhh\"><span> <\/span><\/h1>\n<h1 class=\"brz-css-gpqwu\" data-generated-css=\"brz-css-avrcz\" data-uniq-id=\"yqxqr\"><span> <\/span><\/h1>\n<h1 class=\"brz-css-tiqge\" data-generated-css=\"brz-css-xatvj\" data-uniq-id=\"xtnan\"><span> <\/span><\/h1>\n<h1 class=\"brz-css-rikgo\" data-generated-css=\"brz-css-ufiml\" data-uniq-id=\"kzbfx\"><span> <\/span><\/h1>\n<\/div>\n<\/div>\n<\/div>\n<div class=\"brz-css-wtwcv brz-css-jyqur brz-wrapper\">\n<div class=\"brz-spacer brz-css-zrgov brz-css-ayrvk\"><\/div>\n<\/div>\n<div class=\"brz-css-wtwcv brz-css-jyqur brz-wrapper\">\n<div class=\"brz-spacer brz-css-zrgov brz-css-mwkxz\"><\/div>\n<\/div>\n<\/div>\n<\/div>\n<\/section>\n<section data-uid=\"pnwjqqwfnbgkhkhxtmgqwhuvtkdwzgkrnmnk\" id=\"pnwjqqwfnbgkhkhxtmgqwhuvtkdwzgkrnmnk\" class=\"brz-section brz-css-ixdrq\">\n<div class=\"brz-section__content brz-section--boxed brz-css-bbaal brz-css-buujq\" data-custom-id=\"ikcomfbgpxfpyuddunbymehbuibvmmtlhzaz\">\n<div class=\"brz-bg\">\n<div class=\"brz-bg-color\"><\/div>\n<\/div>\n<div class=\"brz-container brz-css-ldsav\">\n<div class=\"brz-css-wtwcv brz-wrapper\">\n<div class=\"brz-rich-text brz-rich-text__custom brz-css-eprpl\" data-custom-id=\"fugzrmsjgvnxopmlijduezlwshaxlklzzhyp\">\n<div>\n<h3 class=\"brz-css-zqled\" data-uniq-id=\"zazdk\" data-generated-css=\"brz-css-ttsbt\"><span>Vous avez atteint le top avec<\/span><\/h3>\n<h2 class=\"brz-css-pflby\" data-uniq-id=\"uukuq\" data-generated-css=\"brz-css-benwn\"><span>PREMIER SIGNATURE<\/span><\/h2>\n<p class=\"brz-css-wptcw\" data-uniq-id=\"jezeo\" data-generated-css=\"brz-css-thfus\"><span>Profitez d\u2019invitations \u00e0 notre gala, de r\u00e9unions avec nos cadres et de tous les autres avantages de notre programme fid\u00e9lit\u00e9.<\/span><\/p>\n<p class=\"brz-css-uodvz\" data-uniq-id=\"xzgym\" data-generated-css=\"brz-css-vjkqx\"><\/p>\n<\/div>\n<\/div>\n<\/div>\n<\/div>\n<\/div>\n<\/section>\n<section data-uid=\"jxpwlnnetqvwrcuczbkrejvulsudckajqusx\" id=\"jxpwlnnetqvwrcuczbkrejvulsudckajqusx\" class=\"brz-section brz-css-ixdrq\">\n<div class=\"brz-section__content brz-section--boxed brz-css-bbaal brz-css-pxzke\" data-custom-id=\"txaftodfoyhijglgfjgqzgnyhzvxwcowzgee\">\n<div class=\"brz-bg\">\n<div class=\"brz-bg-color\"><\/div>\n<\/div>\n<div class=\"brz-container brz-css-ldsav\">\n<div class=\"brz-row__container brz-css-lntzj\" data-custom-id=\"vvopabydadplboehhvkiyrlqqtqcgjfodsvb\">\n<div class=\"brz-bg\"><\/div>\n<div class=\"brz-row brz-css-qjtfb brz-css-envap\">\n<div class=\"brz-columns brz-css-yqpah brz-css-wdkjo\" data-custom-id=\"zlvhdwcjrmtrujgrgfgzasxxibrscuelkcvl\">\n<div class=\"brz-bg\"><\/div>\n<div class=\"brz-column__items brz-css-nyuje brz-css-lfquq\">\n<div class=\"brz-css-wtwcv brz-css-hvygm brz-wrapper\">\n<div class=\"brz-rich-text brz-rich-text__custom brz-css-eprpl\" data-custom-id=\"ykmlcxzjhsbaibhuksdiyjgxyhxurnsppixv\">\n<div>\n<h2 class=\"brz-css-jbksd\" data-generated-css=\"brz-css-dcpog\" data-uniq-id=\"ibowt\"><span>ASSISTANCE CLIENT PRIORITAIRE<\/span><\/h2>\n<\/div>\n<\/div>\n<\/div>\n<div class=\"brz-css-wtwcv brz-css-afvat brz-wrapper\">\n<div class=\"brz-rich-text brz-rich-text__custom brz-css-eprpl\" data-custom-id=\"ifrchudwtdctxomlghothoqfftifstkzoktb\">\n<div>\n<p class=\"brz-css-fovlu\" data-uniq-id=\"tremg\" data-generated-css=\"brz-css-tirmy\"><span class=\"brz-cp-color8\">Toutes vos demandes seront consid\u00e9r\u00e9es comme prioritaires et directement transmises aux membres de l\u2019\u00e9quipe charg\u00e9e de l\u2019assistance client, afin de r\u00e9soudre vos probl\u00e8mes le plus rapidement possible. Alternativement, vous pouvez contacter directement votre gestionnaire de compte personnel.<\/span><\/p>\n<\/div>\n<\/div>\n<\/div>\n<\/div>\n<\/div>\n<div class=\"brz-columns brz-css-yqpah brz-css-tsise\" data-custom-id=\"vkowmpfufdqokypoiouxphdnxypbtzhlszyi\">\n<div class=\"brz-bg\"><\/div>\n<div class=\"brz-column__items brz-css-nyuje\">\n<div class=\"brz-css-wtwcv brz-wrapper\">\n<div class=\"brz-image brz-css-fxbbs brz-css-hpxat\"><img decoding=\"async\" class=\"brz-img\" src=\"https:\/\/ex-pro.love\/?lang=fr&amp;brizy_media=wp-99542fe59995cf0488f9ebfd949599e7.jpg&amp;brizy_crop=iW%3D555%26iH%3D370%26oX%3D0%26oY%3D0%26cW%3D555%26cH%3D370\" alt=\"\" loading=\"lazy\" \/><\/div>\n<\/div>\n<\/div>\n<\/div>\n<\/div>\n<\/div>\n<\/div>\n<\/div>\n<\/section>\n<section data-uid=\"nvjsrmzpwlobzbjjaawvvbxlsdahnfdoedwv\" id=\"nvjsrmzpwlobzbjjaawvvbxlsdahnfdoedwv\" class=\"brz-section brz-css-ixdrq\">\n<div class=\"brz-section__content brz-section--boxed brz-css-bbaal brz-css-qiqnc\" data-custom-id=\"uvtrwgabkqiiegibdhlhcdggkfvdskludwcg\">\n<div class=\"brz-bg\">\n<div class=\"brz-bg-color\"><\/div>\n<\/div>\n<div class=\"brz-container brz-css-ldsav\">\n<div class=\"brz-row__container brz-css-lntzj brz-css-hxxzy\" data-custom-id=\"vzyacvbqkldfxllkzrbaujnnfeoekibkkpvo\">\n<div class=\"brz-bg\"><\/div>\n<div class=\"brz-row brz-css-qjtfb brz-css-envap\">\n<div class=\"brz-columns brz-css-yqpah brz-css-lwnyl\" data-custom-id=\"bjbblcladsuzshwgeyihyjovcgvlchelauxm\">\n<div class=\"brz-bg\"><\/div>\n<div class=\"brz-column__items brz-css-nyuje\">\n<div class=\"brz-css-wtwcv brz-wrapper\">\n<div class=\"brz-image brz-css-tupyo brz-css-ovies\"><img decoding=\"async\" class=\"brz-img\" src=\"https:\/\/ex-pro.love\/?lang=fr&amp;brizy_media=wp-205cb326da73e434e453b7efb07cf13d.jpg&amp;brizy_crop=iW%3D555%26iH%3D370%26oX%3D0%26oY%3D0%26cW%3D555%26cH%3D370\" alt=\"\" loading=\"lazy\" \/><\/div>\n<\/div>\n<\/div>\n<\/div>\n<div class=\"brz-columns brz-css-yqpah brz-css-jzioz\" data-custom-id=\"dgnonkmwvboiqjyxghenlfouqdimdbobzrlq\">\n<div class=\"brz-bg\"><\/div>\n<div class=\"brz-column__items brz-css-nyuje brz-css-upxrw\">\n<div class=\"brz-css-wtwcv brz-css-ozlcg brz-wrapper\">\n<div class=\"brz-rich-text brz-rich-text__custom brz-css-eprpl\" data-custom-id=\"lnjlejjudywfzhftuuvmxbonorwnnvenpgrd\">\n<div>\n<h2 class=\"brz-css-grcvk\" data-uniq-id=\"ihxzd\" data-generated-css=\"brz-css-qtdkd\"><span>MAT\u00c9RIEL DIDACTIQUE EXCLUSIF<\/span><\/h2>\n<\/div>\n<\/div>\n<\/div>\n<div class=\"brz-css-wtwcv brz-css-eenhy brz-wrapper\">\n<div class=\"brz-rich-text brz-rich-text__custom brz-css-eprpl\" data-custom-id=\"qfgscvzwwqfyynggkvftddmpnrgqodyagwmd\">\n<div>\n<p class=\"brz-css-crlbd\" data-uniq-id=\"jarhr\" data-generated-css=\"brz-css-bsens\"><span>Participez \u00e0 nos webinaires et s\u00e9minaires Premier sp\u00e9cial trading. Profitez \u00e9galement de mat\u00e9riel didactique \u00e9labor\u00e9 exclusivement pour nos clients Premier.<\/span><\/p>\n<\/div>\n<\/div>\n<\/div>\n<\/div>\n<\/div>\n<\/div>\n<\/div>\n<\/div>\n<\/div>\n<\/section>\n<section data-uid=\"cpoduqyatzuqrzbnrewsydknpdbmntgxzahr\" id=\"cpoduqyatzuqrzbnrewsydknpdbmntgxzahr\" class=\"brz-section brz-css-ixdrq\">\n<div class=\"brz-section__content brz-section--boxed brz-css-bbaal brz-css-dpjfl\" data-custom-id=\"zwxfetxsbmlisdppcivbdczqxydaawqjaozp\">\n<div class=\"brz-bg\">\n<div class=\"brz-bg-color\"><\/div>\n<\/div>\n<div class=\"brz-container brz-css-ldsav\">\n<div class=\"brz-row__container brz-css-lntzj\" data-custom-id=\"snaguuliggbcqmzitlobhhevhveewweqjhcx\">\n<div class=\"brz-bg\"><\/div>\n<div class=\"brz-row brz-css-qjtfb brz-css-envap\">\n<div class=\"brz-columns brz-css-yqpah brz-css-ccqjr\" data-custom-id=\"enuxsgqicbhrghorolyfgrrndyvdwfgdjtow\">\n<div class=\"brz-bg\"><\/div>\n<div class=\"brz-column__items brz-css-nyuje brz-css-ksdyd\">\n<div class=\"brz-css-wtwcv brz-css-wfnyz brz-wrapper\">\n<div class=\"brz-rich-text brz-rich-text__custom brz-css-eprpl\" data-custom-id=\"vggwvwqvqotmmatnuqxbqktrbodjgrcrurkn\">\n<div>\n<h2 class=\"brz-css-tflhw\" data-uniq-id=\"myylf\" data-generated-css=\"brz-css-qzzdg\"><span>ANALYSES DE TRADING PLUS APPROFONDIES<\/span><\/h2>\n<\/div>\n<\/div>\n<\/div>\n<div class=\"brz-css-wtwcv brz-css-fteqc brz-wrapper\">\n<div class=\"brz-rich-text brz-rich-text__custom brz-css-eprpl\" data-custom-id=\"fcklvmdsenlsrycwkkosqpzdvvizyuqxvpbq\">\n<div>\n<p class=\"brz-css-oqiec\" data-generated-css=\"brz-css-iorbx\" data-uniq-id=\"tdoyo\"><span>B\u00e9n\u00e9ficiez d\u2019un acc\u00e8s exclusif \u00e0 des services suppl\u00e9mentaires, fournis par Trading Central, et d\u2019un abonnement gratuit aux principales sources d\u2019analyse fondamentale et technique. De plus, vous pouvez consulter en avant-premi\u00e8re tous les rapports hebdomadaires et trimestriels \u00e9labor\u00e9s par les sp\u00e9cialistes du trading d\u2019Exness.<\/span><\/p>\n<\/div>\n<\/div>\n<\/div>\n<\/div>\n<\/div>\n<div class=\"brz-columns brz-css-yqpah brz-css-hzyha\" data-custom-id=\"hvemzvlxumworwzuzkrhkudhguaxfvfdkwun\">\n<div class=\"brz-bg\"><\/div>\n<div class=\"brz-column__items brz-css-nyuje\">\n<div class=\"brz-css-wtwcv brz-wrapper\">\n<div class=\"brz-image brz-css-nrgjy brz-css-hggpz\"><img decoding=\"async\" class=\"brz-img\" src=\"https:\/\/ex-pro.love\/?lang=fr&amp;brizy_media=wp-ee9328abe3209c6c9e7e334fa57e99ee.jpg&amp;brizy_crop=iW%3D555%26iH%3D370%26oX%3D0%26oY%3D0%26cW%3D555%26cH%3D370\" alt=\"\" loading=\"lazy\" \/><\/div>\n<\/div>\n<\/div>\n<\/div>\n<\/div>\n<\/div>\n<\/div>\n<\/div>\n<\/section>\n<section data-uid=\"jcmendfoqvsxjdochvraqwdsfpgoefximdyr\" id=\"jcmendfoqvsxjdochvraqwdsfpgoefximdyr\" class=\"brz-section brz-css-ixdrq\">\n<div class=\"brz-section__content brz-section--boxed brz-css-bbaal brz-css-xlybu\" data-custom-id=\"vmybmdwbazkmbcyeldylsisjowdyegjwlyin\">\n<div class=\"brz-bg\">\n<div class=\"brz-bg-color\"><\/div>\n<\/div>\n<div class=\"brz-container brz-css-ldsav\">\n<div class=\"brz-row__container brz-css-lntzj brz-css-poisj\" data-custom-id=\"rwzklmdzlazomtxlciicnbkcdxjnxedmhnae\">\n<div class=\"brz-bg\"><\/div>\n<div class=\"brz-row brz-css-qjtfb brz-css-envap\">\n<div class=\"brz-columns brz-css-yqpah brz-css-jhafl\" data-custom-id=\"gclaodinscwuskluairlhqlmdauctyfinbis\">\n<div class=\"brz-bg\"><\/div>\n<div class=\"brz-column__items brz-css-nyuje\">\n<div class=\"brz-css-wtwcv brz-wrapper\">\n<div class=\"brz-image brz-css-adkln brz-css-ymkzp\"><img decoding=\"async\" class=\"brz-img\" src=\"https:\/\/ex-pro.love\/?lang=fr&amp;brizy_media=wp-dea8c7f2b1881b1476663125899a69bc.jpg&amp;brizy_crop=iW%3D555%26iH%3D370%26oX%3D0%26oY%3D0%26cW%3D555%26cH%3D370\" alt=\"\" loading=\"lazy\" \/><\/div>\n<\/div>\n<\/div>\n<\/div>\n<div class=\"brz-columns brz-css-yqpah brz-css-qitmc\" data-custom-id=\"sctjtwcozljdioqzhbfksiupjztsuabhhrdk\">\n<div class=\"brz-bg\"><\/div>\n<div class=\"brz-column__items brz-css-nyuje brz-css-tfnkk\">\n<div class=\"brz-css-wtwcv brz-css-fvozv brz-wrapper\">\n<div class=\"brz-rich-text brz-rich-text__custom brz-css-eprpl\" data-custom-id=\"zumichuhhhmxwtzjlylvtqvhvfmoarfetaie\">\n<div>\n<h2 class=\"brz-css-rwpxh\" data-uniq-id=\"yasto\" data-generated-css=\"brz-css-bjlvi\"><span>CONCOURS ET TIRAGES AU SORT EXCLUSIFS<\/span><\/h2>\n<\/div>\n<\/div>\n<\/div>\n<div class=\"brz-css-wtwcv brz-css-kduvo brz-wrapper\">\n<div class=\"brz-rich-text brz-rich-text__custom brz-css-eprpl\" data-custom-id=\"rxzwwgphbsxofjtsqtfhlcdditioxaaxfbcr\">\n<div>\n<p class=\"brz-css-toyms\" data-uniq-id=\"xlecf\" data-generated-css=\"brz-css-cjgsm\"><span>Participez \u00e0 des tirages au sort et \u00e0 des concours de trading exclusifs r\u00e9serv\u00e9s aux membres. \u00c0 la cl\u00e9\u00a0? Des prix incroyables, notamment des voitures de luxe, des voyages tous frais pay\u00e9s et des r\u00e9compenses en esp\u00e8ces.<\/span><\/p>\n<\/div>\n<\/div>\n<\/div>\n<\/div>\n<\/div>\n<\/div>\n<\/div>\n<\/div>\n<\/div>\n<\/section>\n<section data-uid=\"qbnibpyycooasbftufvgusxsehkqefkfirmq\" id=\"qbnibpyycooasbftufvgusxsehkqefkfirmq\" class=\"brz-section brz-css-ixdrq\">\n<div class=\"brz-section__content brz-section--boxed brz-css-bbaal brz-css-zcgqy\" data-custom-id=\"igwmypvzhvsiwbgrmdhpihjtyqauxjkddxik\">\n<div class=\"brz-bg\">\n<div class=\"brz-bg-color\"><\/div>\n<\/div>\n<div class=\"brz-container brz-css-ldsav\">\n<div class=\"brz-row__container brz-css-lntzj\" data-custom-id=\"qqogcosfdmyzxwqkmtedkluyqmnrvmrotcds\">\n<div class=\"brz-bg\"><\/div>\n<div class=\"brz-row brz-css-qjtfb brz-css-envap\">\n<div class=\"brz-columns brz-css-yqpah brz-css-mezad\" data-custom-id=\"hsksvvidvdvvktsmouyxbvtgopryzlpwrtyv\">\n<div class=\"brz-bg\"><\/div>\n<div class=\"brz-column__items brz-css-nyuje brz-css-dyyai\">\n<div class=\"brz-css-wtwcv brz-css-vxpuq brz-wrapper\">\n<div class=\"brz-rich-text brz-rich-text__custom brz-css-eprpl\" data-custom-id=\"asurdqclyeqtyvcclsicbubqusgrskwuodpv\">\n<div>\n<h2 class=\"brz-css-bdmtl\" data-generated-css=\"brz-css-smkox\" data-uniq-id=\"orimh\"><span>\u00c9V\u00c9NEMENT GALA PREMIER ANNUEL<\/span><\/h2>\n<\/div>\n<\/div>\n<\/div>\n<div class=\"brz-css-wtwcv brz-css-cuolz brz-wrapper\">\n<div class=\"brz-rich-text brz-rich-text__custom brz-css-eprpl\" data-custom-id=\"niufrsgygzahmregawgibihknnajpionypto\">\n<div>\n<p class=\"brz-css-ejjkk\" data-generated-css=\"brz-css-mlxjf\" data-uniq-id=\"jkgay\"><span>Instaurez des relations professionnelles avec d\u2019autres clients Premier Signature et rencontrez les cadres sup\u00e9rieurs d\u2019Exness lors de notre d\u00eener de gala annuel Premier. Recevez des invitations \u00e0 une multitude d\u2019autres \u00e9v\u00e9nements exclusifs tout au long de l\u2019ann\u00e9e.<\/span><\/p>\n<p class=\"brz-css-gkkxk\" data-generated-css=\"brz-css-hdohg\" data-uniq-id=\"mtgwq\"><\/p>\n<\/div>\n<\/div>\n<\/div>\n<\/div>\n<\/div>\n<div class=\"brz-columns brz-css-yqpah brz-css-evozt\" data-custom-id=\"vsyimxgbuzowdtfdestqunjsvqorlimfjhqh\">\n<div class=\"brz-bg\"><\/div>\n<div class=\"brz-column__items brz-css-nyuje\">\n<div class=\"brz-css-wtwcv brz-wrapper\">\n<div class=\"brz-image brz-css-lmgxe brz-css-rcmry\"><img decoding=\"async\" class=\"brz-img\" src=\"https:\/\/ex-pro.love\/?lang=fr&amp;brizy_media=wp-56471d7a93e7eba58ff5cf5b7ca1b9fd.webp&amp;brizy_crop=iW%3D556%26iH%3D370%26oX%3D1%26oY%3D0%26cW%3D555%26cH%3D370\" alt=\"\" loading=\"lazy\" \/><\/div>\n<\/div>\n<\/div>\n<\/div>\n<\/div>\n<\/div>\n<\/div>\n<\/div>\n<\/section>\n<section data-uid=\"qrvwxfcnqvshkqthqbbudhoutloldcacafmd\" id=\"qrvwxfcnqvshkqthqbbudhoutloldcacafmd\" class=\"brz-section brz-css-ixdrq\">\n<div class=\"brz-section__content brz-section--boxed brz-css-bbaal brz-css-tbfks\" data-custom-id=\"euowpttforgzgryeetqkfzdzauyjxrewkuey\">\n<div class=\"brz-bg\">\n<div class=\"brz-bg-color\"><\/div>\n<\/div>\n<div class=\"brz-container brz-css-ldsav\">\n<div class=\"brz-row__container brz-css-lntzj brz-css-uanrd\" data-custom-id=\"ieqnmxcwdjahkgbxvqqlggcgatvrsommaqmj\">\n<div class=\"brz-bg\"><\/div>\n<div class=\"brz-row brz-css-qjtfb brz-css-envap\">\n<div class=\"brz-columns brz-css-yqpah brz-css-fligm\" data-custom-id=\"uevxwrifujqlenbaftbetjmafppunoprzmvl\">\n<div class=\"brz-bg\"><\/div>\n<div class=\"brz-column__items brz-css-nyuje brz-css-oqeqe\">\n<div class=\"brz-css-wtwcv brz-wrapper\">\n<div class=\"brz-image brz-css-gehuv brz-css-tgfol\"><img decoding=\"async\" class=\"brz-img\" src=\"https:\/\/ex-pro.love\/?lang=fr&amp;brizy_media=wp-bff5fec62b7d3af54c20833dbb00e262.webp&amp;brizy_crop=iW%3D591%26iH%3D394%26oX%3D0%26oY%3D0%26cW%3D591%26cH%3D394\" alt=\"\" loading=\"lazy\" \/><\/div>\n<\/div>\n<\/div>\n<\/div>\n<div class=\"brz-columns brz-css-yqpah brz-css-hifmo\" data-custom-id=\"zpkldasqjzisazlpmgsphtdvogpodtoqhdkx\">\n<div class=\"brz-bg\"><\/div>\n<div class=\"brz-column__items brz-css-nyuje brz-css-uenas\">\n<div class=\"brz-css-wtwcv brz-css-ktzbo brz-wrapper\">\n<div class=\"brz-rich-text brz-rich-text__custom brz-css-eprpl\" data-custom-id=\"khfzoluxpbdizbeizklsluxtyoerfrpkwsyk\">\n<div>\n<h2 class=\"brz-css-mepfb\" data-generated-css=\"brz-css-zkvub\" data-uniq-id=\"noxau\"><span>VISITER EXNESS \u00c0 CHYPRE<\/span><\/h2>\n<\/div>\n<\/div>\n<\/div>\n<div class=\"brz-css-wtwcv brz-css-fhwrs brz-wrapper\">\n<div class=\"brz-rich-text brz-rich-text__custom brz-css-eprpl\" data-custom-id=\"mirrhavrhluwdcemzqfxxvrotomsapmdepmc\">\n<div>\n<p class=\"brz-css-utpds\" data-generated-css=\"brz-css-pwqkz\" data-uniq-id=\"gzjrk\"><span>Recevez une invitation exclusive \u00e0 notre si\u00e8ge social \u00e0 Chypre &#8211; le berceau de nos meilleures conditions que celles du march\u00e9. Rencontrez des employ\u00e9s et d\u00e9couvrez comment notre id\u00e9ologie a contribu\u00e9 \u00e0 former le principal courtier multi-actifs que nous sommes aujourd&#8217;hui.<\/span><\/p>\n<\/div>\n<\/div>\n<\/div>\n<\/div>\n<\/div>\n<\/div>\n<\/div>\n<\/div>\n<\/div>\n<\/section>\n<section data-uid=\"mtjtkkgaqsbqbkliwbflkjnadwondrneltjn\" id=\"mtjtkkgaqsbqbkliwbflkjnadwondrneltjn\" class=\"brz-section brz-css-ixdrq\">\n<div class=\"brz-section__content brz-section--boxed brz-css-bbaal brz-css-svdoj\" data-custom-id=\"eendlirzlijafkfqrldwwroigkeznqktugcc\">\n<div class=\"brz-bg\">\n<div class=\"brz-bg-image\"><\/div>\n<\/div>\n<div class=\"brz-container brz-css-ldsav\">\n<div class=\"brz-css-wtwcv brz-wrapper\">\n<div class=\"brz-rich-text brz-rich-text__custom brz-css-eprpl\" data-custom-id=\"pofwoheouvigdysojbjmztyxqsnldlqntdrn\">\n<div>\n<h3 class=\"brz-css-kaawp\" data-uniq-id=\"ydiua\" data-generated-css=\"brz-css-sthut\"><span>Comment<\/span><\/h3>\n<h2 class=\"brz-css-ihewv\" data-uniq-id=\"slvgj\" data-generated-css=\"brz-css-dtown\"><span>CONSERVER MON NIVEAU\u00a0?<\/span><\/h2>\n<p class=\"brz-css-looya\" data-uniq-id=\"pqcjp\" data-generated-css=\"brz-css-cjupa\"><span>Pour conserver votre niveau Premier Signature, vous devez maintenir un volume de trading trimestriel de 400 millions de dollars US.<\/span><\/p>\n<p class=\"brz-css-mdfqi\" data-uniq-id=\"yagql\" data-generated-css=\"brz-css-lrvqo\"><\/p>\n<\/div>\n<\/div>\n<\/div>\n<\/div>\n<\/div>\n<\/section>\n<section data-uid=\"sybyuxucclgbiechpswixswiteejgjrghbln\" id=\"sybyuxucclgbiechpswixswiteejgjrghbln\" class=\"brz-section brz-css-ixdrq\">\n<div class=\"brz-section__content brz-section--fullWidth brz-css-bbaal brz-css-sukxp\" data-custom-id=\"guzahxrknkhcsttmrxudfbprqylhhiyvrkmv\">\n<div class=\"brz-container brz-css-ldsav brz-css-xoqyw\">\n<div class=\"brz-css-wtwcv brz-css-cfxfm brz-wrapper\">\n<div class=\"brz-image brz-css-luesp\"><img decoding=\"async\" class=\"brz-img\" src=\"https:\/\/ex-pro.love\/?lang=fr&amp;brizy_media=wp-8bbe1391b77681920f028461745e9a6c.webp&amp;brizy_crop=iW%3D1920%26iH%3D750%26oX%3D0%26oY%3D0%26cW%3D1920%26cH%3D750\" alt=\"\" loading=\"lazy\" \/><\/div>\n<\/div>\n<\/div>\n<\/div>\n<\/section>\n<\/div>\n<p><!-- version:1744115807 --><\/p>\n","protected":false},"excerpt":{"rendered":"<p>Bienvenue sur EXNESS PREMIER Vous avez atteint le top a&hellip; <a class=\"more-link\" href=\"https:\/\/ex-pro.love\/index.php\/signature\/?lang=fr\">\u7ee7\u7eed\u9605\u8bfb<span class=\"screen-reader-text\">Signature<\/span><\/a><\/p>\n","protected":false},"author":1,"featured_media":0,"parent":0,"menu_order":0,"comment_status":"closed","ping_status":"closed","template":"brizy-blank-template.php","meta":{"footnotes":""},"class_list":["post-1628","page","type-page","status-publish","hentry","entry"],"_links":{"self":[{"href":"https:\/\/ex-pro.love\/index.php\/wp-json\/wp\/v2\/pages\/1628","targetHints":{"allow":["GET"]}}],"collection":[{"href":"https:\/\/ex-pro.love\/index.php\/wp-json\/wp\/v2\/pages"}],"about":[{"href":"https:\/\/ex-pro.love\/index.php\/wp-json\/wp\/v2\/types\/page"}],"author":[{"embeddable":true,"href":"https:\/\/ex-pro.love\/index.php\/wp-json\/wp\/v2\/users\/1"}],"replies":[{"embeddable":true,"href":"https:\/\/ex-pro.love\/index.php\/wp-json\/wp\/v2\/comments?post=1628"}],"version-history":[{"count":7,"href":"https:\/\/ex-pro.love\/index.php\/wp-json\/wp\/v2\/pages\/1628\/revisions"}],"predecessor-version":[{"id":1975,"href":"https:\/\/ex-pro.love\/index.php\/wp-json\/wp\/v2\/pages\/1628\/revisions\/1975"}],"wp:attachment":[{"href":"https:\/\/ex-pro.love\/index.php\/wp-json\/wp\/v2\/media?parent=1628"}],"curies":[{"name":"wp","href":"https:\/\/api.w.org\/{rel}","templated":true}]}}